CRAN Package Check Results for Package smovie

Last updated on 2020-01-18 22:48:46 CET.

Flavor Version Tinstall Tcheck Ttotal Status Flags
r-devel-linux-x86_64-debian-clang 1.1.2 8.57 54.64 63.21 OK
r-devel-linux-x86_64-debian-gcc 1.1.2 7.18 43.07 50.25 OK
r-devel-linux-x86_64-fedora-clang 1.1.2 87.61 OK
r-devel-linux-x86_64-fedora-gcc 1.1.2 86.66 OK
r-devel-windows-ix86+x86_64 1.1.2 16.00 91.00 107.00 OK
r-devel-windows-ix86+x86_64-gcc8 1.1.2 14.00 81.00 95.00 OK
r-patched-linux-x86_64 1.1.2 7.67 52.55 60.22 OK
r-patched-solaris-x86 1.1.2 99.80 OK
r-release-linux-x86_64 1.1.2 8.64 51.76 60.40 OK
r-release-windows-ix86+x86_64 1.1.2 13.00 86.00 99.00 OK
r-release-osx-x86_64 1.1.2 ERROR
r-oldrel-windows-ix86+x86_64 1.1.2 11.00 80.00 91.00 OK
r-oldrel-osx-x86_64 1.1.2 ERROR

Check Details

Version: 1.1.2
Check: package dependencies
Result: ERROR
    Package required but not available: ‘rpanel’
    
    See section ‘The DESCRIPTION file’ in the ‘Writing R Extensions’
    manual.
Flavors: r-release-osx-x86_64, r-oldrel-osx-x86_64