CRAN Package Check Results for Package smovie

Last updated on 2019-09-15 22:49:33 CEST.

Flavor Version Tinstall Tcheck Ttotal Status Flags
r-devel-linux-x86_64-debian-clang 1.0.1 7.29 47.18 54.47 OK
r-devel-linux-x86_64-debian-gcc 1.0.1 5.83 38.98 44.81 OK
r-devel-linux-x86_64-fedora-clang 1.0.1 71.06 OK
r-devel-linux-x86_64-fedora-gcc 1.0.1 70.43 OK
r-devel-windows-ix86+x86_64 1.0.1 20.00 71.00 91.00 OK
r-patched-linux-x86_64 1.0.1 6.68 48.58 55.26 OK
r-patched-solaris-x86 1.0.1 109.10 OK
r-release-linux-x86_64 1.0.1 7.34 50.70 58.04 OK
r-release-windows-ix86+x86_64 1.0.1 12.00 75.00 87.00 OK
r-release-osx-x86_64 1.0.1 ERROR
r-oldrel-windows-ix86+x86_64 1.0.1 11.00 54.00 65.00 OK
r-oldrel-osx-x86_64 1.0.1 ERROR

Check Details

Version: 1.0.1
Check: package dependencies
Result: ERROR
    Package required but not available: ‘rpanel’
    
    See section ‘The DESCRIPTION file’ in the ‘Writing R Extensions’
    manual.
Flavors: r-release-osx-x86_64, r-oldrel-osx-x86_64