CRAN Package Check Results for Package smpic

Last updated on 2021-10-21 22:50:51 CEST.

Flavor Version Tinstall Tcheck Ttotal Status Flags
r-devel-linux-x86_64-debian-clang 0.1.0 1.83 37.78 39.61 NOTE
r-devel-linux-x86_64-debian-gcc 0.1.0 1.71 28.95 30.66 NOTE
r-devel-linux-x86_64-fedora-clang 0.1.0 58.84 NOTE
r-devel-linux-x86_64-fedora-gcc 0.1.0 49.43 NOTE
r-devel-windows-x86_64 0.1.0 5.00 50.00 55.00 OK
r-devel-windows-x86_64-gcc10-UCRT 0.1.0 ERROR
r-patched-linux-x86_64 0.1.0 2.02 35.26 37.28 NOTE
r-patched-solaris-x86 0.1.0 82.10 NOTE
r-release-linux-x86_64 0.1.0 2.04 35.39 37.43 NOTE
r-release-macos-arm64 0.1.0 OK
r-release-macos-x86_64 0.1.0 OK
r-release-windows-ix86+x86_64 0.1.0 6.00 57.00 63.00 OK
r-oldrel-macos-x86_64 0.1.0 OK
r-oldrel-windows-ix86+x86_64 0.1.0 5.00 60.00 65.00 OK

Check Details

Version: 0.1.0
Check: for non-standard things in the check directory
Result: NOTE
    Found the following files/directories:
     'my_new_social_media_plot.png'
Flavors: r-devel-linux-x86_64-debian-clang, r-devel-linux-x86_64-debian-gcc, r-devel-linux-x86_64-fedora-clang, r-devel-linux-x86_64-fedora-gcc, r-patched-linux-x86_64, r-patched-solaris-x86, r-release-linux-x86_64

Version: 0.1.0
Check: package dependencies
Result: ERROR
    Package required but not available: 'imager'
    
    See section 'The DESCRIPTION file' in the 'Writing R Extensions'
    manual.
Flavor: r-devel-windows-x86_64-gcc10-UCRT