CRAN Package Check Results for Package sna

Last updated on 2019-08-22 22:47:07 CEST.

Flavor Version Tinstall Tcheck Ttotal Status Flags
r-devel-linux-x86_64-debian-clang 2.4 25.47 117.36 142.83 OK
r-devel-linux-x86_64-debian-gcc 2.4 19.71 87.31 107.02 OK
r-devel-linux-x86_64-fedora-clang 2.4 165.22 NOTE
r-devel-linux-x86_64-fedora-gcc 2.4 176.20 NOTE
r-devel-windows-ix86+x86_64 2.4 75.00 212.00 287.00 OK
r-patched-linux-x86_64 2.4 21.33 113.64 134.97 OK
r-patched-solaris-x86 2.4 227.90 OK
r-release-linux-x86_64 2.4 19.75 113.83 133.58 OK
r-release-windows-ix86+x86_64 2.4 61.00 160.00 221.00 OK
r-release-osx-x86_64 2.4 FAIL
r-oldrel-windows-ix86+x86_64 2.4 63.00 205.00 268.00 OK
r-oldrel-osx-x86_64 2.4 OK

Check Details

Version: 2.4
Check: compiled code
Result: NOTE
    File ‘sna/libs/sna.so’:
     Found no calls to: ‘R_registerRoutines’, ‘R_useDynamicSymbols’
    
    It is good practice to register native routines and to disable symbol
    search.
    
    See ‘Writing portable packages’ in the ‘Writing R Extensions’ manual.
Flavors: r-devel-linux-x86_64-fedora-clang, r-devel-linux-x86_64-fedora-gcc

Version: 2.4
Check: dependencies in R code
Result: FAIL
    
Flavor: r-release-osx-x86_64