CRAN Package Check Results for Package snakecase

Last updated on 2020-02-21 22:51:22 CET.

Flavor Version Tinstall Tcheck Ttotal Status Flags
r-devel-linux-x86_64-debian-clang 0.11.0 3.06 35.16 38.22 OK
r-devel-linux-x86_64-debian-gcc 0.11.0 2.26 27.98 30.24 OK
r-devel-linux-x86_64-fedora-clang 0.11.0 49.13 OK
r-devel-linux-x86_64-fedora-gcc 0.11.0 45.68 OK
r-devel-windows-ix86+x86_64 0.11.0 6.00 51.00 57.00 WARN
r-devel-windows-ix86+x86_64-gcc8 0.11.0 10.00 51.00 61.00 WARN
r-patched-linux-x86_64 0.11.0 OK
r-patched-solaris-x86 0.11.0 91.20 OK
r-release-linux-x86_64 0.11.0 2.01 32.69 34.70 OK
r-release-windows-ix86+x86_64 0.11.0 5.00 56.00 61.00 OK
r-release-osx-x86_64 0.11.0 OK
r-oldrel-windows-ix86+x86_64 0.11.0 5.00 52.00 57.00 OK
r-oldrel-osx-x86_64 0.11.0 OK

Check Details

Version: 0.11.0
Check: R files for syntax errors
Result: WARN
    Warnings in file 'R/replace_special_characters_internal.R':
     unable to translate '<U+00C4>' to native encoding
     unable to translate '<U+00D6>' to native encoding
     unable to translate '<U+00DC>' to native encoding
     unable to translate '<U+00E4>' to native encoding
     unable to translate '<U+00F6>' to native encoding
     unable to translate '<U+00FC>' to native encoding
     unable to translate '<U+00DF>' to native encoding
     unable to translate '<U+00C6>' to native encoding
     unable to translate '<U+00E6>' to native encoding
     unable to translate '<U+00D8>' to native encoding
     unable to translate '<U+00F8>' to native encoding
     unable to translate '<U+00C5>' to native encoding
     unable to translate '<U+00E5>' to native encoding
     unable to translate '<U+00C6>' to native encoding
     unable to translate '<U+00E6>' to native encoding
     unable to translate '<U+00D8>' to native encoding
     unable to translate '<U+00F8>' to native encoding
     unable to translate '<U+00C6>' to native encoding
     unable to translate '<U+00E6>' to native encoding
     unable to translate '<U+00D8>' to native encoding
     unable to translate '<U+00F8>' to native encoding
     unable to translate '<U+00C5>' to native encoding
     unable to translate '<U+00E5>' to native encoding
Flavors: r-devel-windows-ix86+x86_64, r-devel-windows-ix86+x86_64-gcc8