CRAN Package Check Results for Package snplinkage

Last updated on 2024-02-22 21:51:53 CET.

Flavor Version Tinstall Tcheck Ttotal Status Flags
r-devel-linux-x86_64-debian-clang 1.0.0 OK
r-devel-linux-x86_64-debian-gcc 1.0.0 19.77 222.38 242.15 OK
r-devel-linux-x86_64-fedora-clang 1.0.0 389.31 OK
r-devel-linux-x86_64-fedora-gcc 1.0.0 390.21 OK
r-devel-windows-x86_64 1.0.0 22.00 243.00 265.00 OK
r-patched-linux-x86_64 1.0.0 22.28 291.81 314.09 OK
r-release-linux-x86_64 1.0.0 21.58 287.82 309.40 OK
r-release-macos-arm64 1.0.0 13.00 ERROR
r-release-macos-x86_64 1.0.0 8.00 ERROR
r-release-windows-x86_64 1.0.0 27.00 277.00 304.00 OK
r-oldrel-macos-arm64 1.0.0 10.00 ERROR
r-oldrel-windows-x86_64 1.0.0 29.00 282.00 311.00 OK

Check Details

Version: 1.0.0
Check: package dependencies
Result: ERROR Package required but not available: ‘GWASTools’ See section ‘The DESCRIPTION file’ in the ‘Writing R Extensions’ manual. Flavors: r-release-macos-arm64, r-release-macos-x86_64, r-oldrel-macos-arm64