CRAN Package Check Results for Package socviz

Last updated on 2024-03-02 22:42:07 CET.

Flavor Version Tinstall Tcheck Ttotal Status Flags
r-devel-linux-x86_64-debian-clang 1.2 3.48 29.93 33.41 NOTE
r-devel-linux-x86_64-debian-gcc 1.2 3.00 22.90 25.90 NOTE
r-devel-linux-x86_64-fedora-clang 1.2 41.25 NOTE
r-devel-linux-x86_64-fedora-gcc 1.2 39.98 NOTE
r-devel-windows-x86_64 1.2 6.00 50.00 56.00 OK
r-patched-linux-x86_64 1.2 4.59 28.41 33.00 OK
r-release-linux-x86_64 1.2 4.77 28.67 33.44 OK
r-release-macos-arm64 1.2 21.00 OK
r-release-macos-x86_64 1.2 25.00 OK
r-release-windows-x86_64 1.2 7.00 51.00 58.00 OK
r-oldrel-macos-arm64 1.2 18.00 OK
r-oldrel-windows-x86_64 1.2 7.00 49.00 56.00 OK

Check Details

Version: 1.2
Check: Rd files
Result: NOTE checkRd: (-1) preg2.Rd:8: Lost braces 8 | An object of class \\code{tbl_df} (inherits from \\code{tbl}, \\code{data.frame}) with 2 rows and 4 columns. | ^ checkRd: (-1) preg2.Rd:8: Lost braces 8 | An object of class \\code{tbl_df} (inherits from \\code{tbl}, \\code{data.frame}) with 2 rows and 4 columns. | ^ checkRd: (-1) preg2.Rd:8: Lost braces 8 | An object of class \\code{tbl_df} (inherits from \\code{tbl}, \\code{data.frame}) with 2 rows and 4 columns. | ^ Flavors: r-devel-linux-x86_64-debian-clang, r-devel-linux-x86_64-debian-gcc, r-devel-linux-x86_64-fedora-clang, r-devel-linux-x86_64-fedora-gcc