Last updated on 2024-03-28 23:01:58 CET.
Flavor | Version | Tinstall | Tcheck | Ttotal | Status | Flags |
---|---|---|---|---|---|---|
r-devel-linux-x86_64-debian-clang | 0.4.0 | 5.42 | 43.91 | 49.33 | NOTE | |
r-devel-linux-x86_64-debian-gcc | 0.4.0 | 3.92 | 33.85 | 37.77 | NOTE | |
r-devel-linux-x86_64-fedora-clang | 0.4.0 | 60.73 | NOTE | |||
r-devel-linux-x86_64-fedora-gcc | 0.4.0 | 71.66 | NOTE | |||
r-devel-windows-x86_64 | 0.4.0 | 6.00 | 65.00 | 71.00 | NOTE | |
r-patched-linux-x86_64 | 0.4.0 | 6.53 | 45.05 | 51.58 | NOTE | |
r-release-linux-x86_64 | 0.4.0 | 5.26 | 40.26 | 45.52 | OK | |
r-release-macos-arm64 | 0.4.0 | 29.00 | OK | |||
r-release-macos-x86_64 | 0.4.0 | 42.00 | OK | |||
r-release-windows-x86_64 | 0.4.0 | 6.00 | 68.00 | 74.00 | OK | |
r-oldrel-macos-arm64 | 0.4.0 | 25.00 | OK | |||
r-oldrel-windows-x86_64 | 0.4.0 | 7.00 | 70.00 | 77.00 | OK |
Version: 0.4.0
Check: Rd files
Result: NOTE
checkRd: (-1) db_compact.Rd:41: Lost braces; missing escapes or markup?
41 | database structure will be set to true. See GET /{db}. You can also obtain a list of
| ^
Flavors: r-devel-linux-x86_64-debian-clang, r-devel-linux-x86_64-debian-gcc, r-devel-linux-x86_64-fedora-clang, r-devel-linux-x86_64-fedora-gcc, r-devel-windows-x86_64, r-patched-linux-x86_64