CRAN Package Check Results for Package softImpute

Last updated on 2019-09-21 22:49:10 CEST.

Flavor Version Tinstall Tcheck Ttotal Status Flags
r-devel-linux-x86_64-debian-clang 1.4 10.32 69.46 79.78 NOTE
r-devel-linux-x86_64-debian-gcc 1.4 9.36 57.04 66.40 NOTE
r-devel-linux-x86_64-fedora-clang 1.4 100.20 NOTE
r-devel-linux-x86_64-fedora-gcc 1.4 102.72 NOTE
r-devel-windows-ix86+x86_64 1.4 27.00 106.00 133.00 NOTE
r-patched-linux-x86_64 1.4 10.19 68.37 78.56 NOTE
r-patched-solaris-x86 1.4 150.60 NOTE
r-release-linux-x86_64 1.4 10.57 68.73 79.30 NOTE
r-release-windows-ix86+x86_64 1.4 18.00 96.00 114.00 NOTE
r-release-osx-x86_64 1.4 NOTE
r-oldrel-windows-ix86+x86_64 1.4 13.00 104.00 117.00 NOTE
r-oldrel-osx-x86_64 1.4 NOTE

Check Details

Version: 1.4
Check: DESCRIPTION meta-information
Result: NOTE
    Malformed Description field: should contain one or more complete sentences.
Flavors: r-devel-linux-x86_64-debian-clang, r-devel-linux-x86_64-debian-gcc, r-devel-linux-x86_64-fedora-clang, r-devel-linux-x86_64-fedora-gcc, r-devel-windows-ix86+x86_64, r-patched-linux-x86_64, r-patched-solaris-x86, r-release-linux-x86_64, r-release-windows-ix86+x86_64, r-release-osx-x86_64, r-oldrel-windows-ix86+x86_64, r-oldrel-osx-x86_64

Version: 1.4
Check: R code for possible problems
Result: NOTE
    Ssimpute.als: no visible global function definition for 'rnorm'
    Ssvd.als: no visible global function definition for 'rnorm'
    cs.default: no visible binding for global variable 'weighted.mean'
    simpute.als: no visible global function definition for 'rnorm'
    Undefined global functions or variables:
     rnorm weighted.mean
    Consider adding
     importFrom("stats", "rnorm", "weighted.mean")
    to your NAMESPACE file.
Flavors: r-devel-linux-x86_64-debian-clang, r-devel-linux-x86_64-debian-gcc, r-devel-linux-x86_64-fedora-clang, r-devel-linux-x86_64-fedora-gcc, r-devel-windows-ix86+x86_64, r-patched-linux-x86_64, r-patched-solaris-x86, r-release-linux-x86_64, r-release-windows-ix86+x86_64, r-release-osx-x86_64, r-oldrel-windows-ix86+x86_64, r-oldrel-osx-x86_64

Version: 1.4
Check: compiled code
Result: NOTE
    File ‘softImpute/libs/softImpute.so’:
     Found no calls to: ‘R_registerRoutines’, ‘R_useDynamicSymbols’
    
    It is good practice to register native routines and to disable symbol
    search.
    
    See ‘Writing portable packages’ in the ‘Writing R Extensions’ manual.
Flavors: r-devel-linux-x86_64-fedora-clang, r-devel-linux-x86_64-fedora-gcc