Last updated on 2024-04-23 22:55:37 CEST.
Flavor | Version | Tinstall | Tcheck | Ttotal | Status | Flags |
---|---|---|---|---|---|---|
r-devel-linux-x86_64-debian-clang | 1.1.3 | 2.86 | 33.91 | 36.77 | OK | |
r-devel-linux-x86_64-debian-gcc | 1.1.3 | 2.13 | 25.46 | 27.59 | OK | |
r-devel-linux-x86_64-fedora-clang | 1.1.3 | 48.79 | NOTE | |||
r-devel-linux-x86_64-fedora-gcc | 1.1.3 | 46.68 | NOTE | |||
r-prerel-macos-arm64 | 1.1.3 | 18.00 | OK | |||
r-prerel-windows-x86_64 | 1.1.3 | 4.00 | 45.00 | 49.00 | OK | |
r-patched-linux-x86_64 | 1.1.3 | 3.14 | 31.32 | 34.46 | OK | |
r-release-linux-x86_64 | 1.1.3 | 2.91 | 31.72 | 34.63 | OK | |
r-release-macos-arm64 | 1.1.3 | 19.00 | OK | |||
r-release-macos-x86_64 | 1.1.3 | 25.00 | OK | |||
r-release-windows-x86_64 | 1.1.3 | 5.00 | 49.00 | 54.00 | OK | |
r-oldrel-macos-arm64 | 1.1.3 | 19.00 | NOTE | |||
r-oldrel-windows-x86_64 | 1.1.3 | 5.00 | 53.00 | 58.00 | OK |
Version: 1.1.3
Check: dependencies in R code
Result: NOTE
Namespaces in Imports field not imported from:
‘R6’ ‘lgr’
All declared Imports should be used.
Flavors: r-devel-linux-x86_64-fedora-clang, r-devel-linux-x86_64-fedora-gcc, r-oldrel-macos-arm64