Last updated on 2024-03-28 23:01:58 CET.
Flavor | Version | Tinstall | Tcheck | Ttotal | Status | Flags |
---|---|---|---|---|---|---|
r-devel-linux-x86_64-debian-clang | 1.0.0 | 2.64 | 24.88 | 27.52 | NOTE | |
r-devel-linux-x86_64-debian-gcc | 1.0.0 | 2.05 | 20.24 | 22.29 | NOTE | |
r-devel-linux-x86_64-fedora-clang | 1.0.0 | 35.56 | NOTE | |||
r-devel-linux-x86_64-fedora-gcc | 1.0.0 | 34.71 | NOTE | |||
r-devel-windows-x86_64 | 1.0.0 | 3.00 | 45.00 | 48.00 | NOTE | |
r-patched-linux-x86_64 | 1.0.0 | 3.03 | 24.89 | 27.92 | NOTE | |
r-release-linux-x86_64 | 1.0.0 | 2.59 | 25.32 | 27.91 | NOTE | |
r-release-macos-arm64 | 1.0.0 | 15.00 | NOTE | |||
r-release-macos-x86_64 | 1.0.0 | 20.00 | NOTE | |||
r-release-windows-x86_64 | 1.0.0 | 3.00 | 45.00 | 48.00 | NOTE | |
r-oldrel-macos-arm64 | 1.0.0 | 16.00 | NOTE | |||
r-oldrel-windows-x86_64 | 1.0.0 | 4.00 | 46.00 | 50.00 | NOTE |
Version: 1.0.0
Check: LazyData
Result: NOTE
'LazyData' is specified without a 'data' directory
Flavors: r-devel-linux-x86_64-debian-clang, r-devel-linux-x86_64-debian-gcc, r-devel-linux-x86_64-fedora-clang, r-devel-linux-x86_64-fedora-gcc, r-devel-windows-x86_64, r-patched-linux-x86_64, r-release-linux-x86_64, r-release-macos-arm64, r-release-macos-x86_64, r-release-windows-x86_64, r-oldrel-macos-arm64, r-oldrel-windows-x86_64