CRAN Package Check Results for Package solrium

Last updated on 2021-09-18 23:50:07 CEST.

Flavor Version Tinstall Tcheck Ttotal Status Flags
r-devel-linux-x86_64-debian-clang 1.2.0 8.39 70.11 78.50 OK
r-devel-linux-x86_64-debian-gcc 1.2.0 6.94 51.81 58.75 OK
r-devel-linux-x86_64-fedora-clang 1.2.0 103.12 NOTE
r-devel-linux-x86_64-fedora-gcc 1.2.0 96.79 OK
r-devel-windows-x86_64 1.2.0 10.00 116.00 126.00 OK
r-devel-windows-x86_64-gcc10-UCRT 1.2.0 OK
r-patched-linux-x86_64 1.2.0 9.02 65.76 74.78 OK
r-patched-solaris-x86 1.2.0 127.30 OK
r-release-linux-x86_64 1.2.0 7.98 65.83 73.81 OK
r-release-macos-arm64 1.2.0 OK
r-release-macos-x86_64 1.2.0 OK
r-release-windows-ix86+x86_64 1.2.0 18.00 83.00 101.00 OK
r-oldrel-macos-x86_64 1.2.0 OK
r-oldrel-windows-ix86+x86_64 1.2.0 19.00 81.00 100.00 OK

Check Details

Version: 1.2.0
Check: Rd cross-references
Result: NOTE
    Undeclared package ‘XML’ in Rd xrefs
Flavor: r-devel-linux-x86_64-fedora-clang