CRAN Package Check Results for Package sommer

Last updated on 2021-07-23 22:53:22 CEST.

Flavor Version Tinstall Tcheck Ttotal Status Flags
r-devel-linux-x86_64-debian-clang 4.1.3 79.07 149.07 228.14 OK --no-vignettes
r-devel-linux-x86_64-debian-gcc 4.1.3 62.40 112.80 175.20 OK --no-vignettes
r-devel-linux-x86_64-fedora-clang 4.1.3 301.55 NOTE --no-vignettes
r-devel-linux-x86_64-fedora-gcc 4.1.3 290.00 OK --no-vignettes
r-devel-windows-x86_64 4.1.3 69.00 132.00 201.00 NOTE --no-vignettes
r-devel-windows-x86_64-gcc10-UCRT 4.1.3 OK --no-vignettes
r-patched-linux-x86_64 4.1.3 70.37 143.10 213.47 OK --no-vignettes
r-patched-solaris-x86 4.1.3 325.50 NOTE --no-vignettes
r-release-linux-x86_64 4.1.3 68.92 142.65 211.57 OK --no-vignettes
r-release-macos-arm64 4.1.3 NOTE
r-release-macos-x86_64 4.1.3 NOTE
r-release-windows-ix86+x86_64 4.1.3 169.00 183.00 352.00 NOTE --no-vignettes
r-oldrel-macos-x86_64 4.1.3 NOTE
r-oldrel-windows-ix86+x86_64 4.1.3 165.00 249.00 414.00 NOTE --no-vignettes

Check Details

Version: 4.1.3
Flags: --no-vignettes
Check: installed package size
Result: NOTE
     installed size is 10.9Mb
     sub-directories of 1Mb or more:
     data 1.5Mb
     doc 2.2Mb
     libs 6.4Mb
Flavors: r-devel-linux-x86_64-fedora-clang, r-devel-windows-x86_64, r-patched-solaris-x86, r-release-windows-ix86+x86_64, r-oldrel-windows-ix86+x86_64

Version: 4.1.3
Check: installed package size
Result: NOTE
     installed size is 12.7Mb
     sub-directories of 1Mb or more:
     data 1.4Mb
     doc 2.2Mb
     libs 8.2Mb
Flavors: r-release-macos-arm64, r-release-macos-x86_64, r-oldrel-macos-x86_64