Last updated on 2023-09-25 22:12:52 CEST.
Flavor | Version | Tinstall | Tcheck | Ttotal | Status | Flags |
---|---|---|---|---|---|---|
r-devel-linux-x86_64-debian-clang | 0.0.4 | 11.71 | 103.01 | 114.72 | OK | |
r-devel-linux-x86_64-debian-gcc | 0.0.4 | 8.76 | 74.38 | 83.14 | OK | |
r-devel-linux-x86_64-fedora-clang | 0.0.4 | 136.94 | NOTE | |||
r-devel-linux-x86_64-fedora-gcc | 0.0.4 | 143.68 | NOTE | |||
r-devel-windows-x86_64 | 0.0.4 | 11.00 | 105.00 | 116.00 | OK | |
r-patched-linux-x86_64 | 0.0.4 | 12.31 | 95.89 | 108.20 | OK | |
r-release-linux-x86_64 | 0.0.4 | 9.42 | 96.01 | 105.43 | OK | |
r-release-macos-arm64 | 0.0.4 | 48.00 | OK | |||
r-release-macos-x86_64 | 0.0.4 | 72.00 | OK | |||
r-release-windows-x86_64 | 0.0.4 | 15.00 | 117.00 | 132.00 | OK | |
r-oldrel-macos-arm64 | 0.0.4 | 38.00 | NOTE | |||
r-oldrel-macos-x86_64 | 0.0.4 | 73.00 | NOTE | |||
r-oldrel-windows-x86_64 | 0.0.4 | 14.00 | 111.00 | 125.00 | OK |
Version: 0.0.4
Check: dependencies in R code
Result: NOTE
Namespace in Imports field not imported from: ‘methods’
All declared Imports should be used.
Flavors: r-devel-linux-x86_64-fedora-clang, r-devel-linux-x86_64-fedora-gcc, r-oldrel-macos-arm64, r-oldrel-macos-x86_64