Last updated on 2024-04-17 23:00:11 CEST.
Flavor | Version | Tinstall | Tcheck | Ttotal | Status | Flags |
---|---|---|---|---|---|---|
r-devel-linux-x86_64-debian-clang | 0.8.21 | 8.62 | 106.08 | 114.70 | NOTE | |
r-devel-linux-x86_64-debian-gcc | 0.8.21 | 7.92 | 79.19 | 87.11 | NOTE | |
r-devel-linux-x86_64-fedora-clang | 0.8.21 | 146.87 | NOTE | |||
r-devel-linux-x86_64-fedora-gcc | 0.8.21 | 149.49 | NOTE | |||
r-prerel-macos-arm64 | 0.8.21 | 45.00 | NOTE | |||
r-prerel-windows-x86_64 | 0.8.21 | 11.00 | 87.00 | 98.00 | NOTE | |
r-patched-linux-x86_64 | 0.8.21 | 8.21 | 101.04 | 109.25 | NOTE | |
r-release-linux-x86_64 | 0.8.21 | 6.21 | 98.25 | 104.46 | OK | |
r-release-macos-arm64 | 0.8.21 | 50.00 | OK | |||
r-release-macos-x86_64 | 0.8.21 | 111.00 | OK | |||
r-release-windows-x86_64 | 0.8.21 | 12.00 | 105.00 | 117.00 | OK | |
r-oldrel-macos-arm64 | 0.8.21 | 47.00 | OK | |||
r-oldrel-windows-x86_64 | 0.8.21 | 13.00 | 114.00 | 127.00 | OK |
Version: 0.8.21
Check: Rd files
Result: NOTE
checkRd: (-1) load_sorvi_data.Rd:23: Lost braces in \itemize; meant \describe ?
Flavors: r-devel-linux-x86_64-debian-clang, r-devel-linux-x86_64-debian-gcc, r-devel-linux-x86_64-fedora-clang, r-devel-linux-x86_64-fedora-gcc, r-prerel-macos-arm64, r-prerel-windows-x86_64, r-patched-linux-x86_64
Version: 0.8.21
Check: data for non-ASCII characters
Result: NOTE
Note: found 1245 marked UTF-8 strings
Flavors: r-devel-linux-x86_64-fedora-clang, r-devel-linux-x86_64-fedora-gcc