CRAN Package Check Results for Package soundgen

Last updated on 2021-10-28 01:49:04 CEST.

Flavor Version Tinstall Tcheck Ttotal Status Flags
r-devel-linux-x86_64-debian-clang 2.4.0 22.44 383.12 405.56 OK
r-devel-linux-x86_64-debian-gcc 2.4.0 17.95 271.25 289.20 OK
r-devel-linux-x86_64-fedora-clang 2.4.0 483.48 NOTE
r-devel-linux-x86_64-fedora-gcc 2.4.0 467.80 OK
r-devel-windows-x86_64 2.4.0 35.00 356.00 391.00 NOTE
r-devel-windows-x86_64-gcc10-UCRT 2.4.0 OK
r-patched-linux-x86_64 2.4.0 26.40 371.23 397.63 OK
r-patched-solaris-x86 2.4.0 281.30 NOTE
r-release-linux-x86_64 2.4.0 19.86 374.95 394.81 OK
r-release-macos-arm64 2.4.0 NOTE
r-release-macos-x86_64 2.4.0 NOTE
r-release-windows-ix86+x86_64 2.4.0 26.00 336.00 362.00 NOTE
r-oldrel-macos-x86_64 2.4.0 NOTE
r-oldrel-windows-ix86+x86_64 2.4.0 29.00 495.00 524.00 NOTE

Check Details

Version: 2.4.0
Check: installed package size
Result: NOTE
     installed size is 7.4Mb
     sub-directories of 1Mb or more:
     doc 5.0Mb
Flavors: r-devel-linux-x86_64-fedora-clang, r-devel-windows-x86_64, r-patched-solaris-x86, r-release-macos-arm64, r-release-macos-x86_64, r-release-windows-ix86+x86_64, r-oldrel-macos-x86_64, r-oldrel-windows-ix86+x86_64