CRAN Package Check Results for Package sourceR

Last updated on 2021-08-01 22:50:04 CEST.

Flavor Version Tinstall Tcheck Ttotal Status Flags
r-devel-linux-x86_64-debian-clang 1.1.0 43.24 116.82 160.06 OK
r-devel-linux-x86_64-debian-gcc 1.1.0 29.90 82.31 112.21 OK
r-devel-linux-x86_64-fedora-clang 1.1.0 200.84 NOTE
r-devel-linux-x86_64-fedora-gcc 1.1.0 187.52 NOTE
r-devel-windows-x86_64 1.1.0 41.00 145.00 186.00 OK
r-devel-windows-x86_64-gcc10-UCRT 1.1.0 NOTE
r-patched-linux-x86_64 1.1.0 OK
r-patched-solaris-x86 1.1.0 218.40 NOTE
r-release-linux-x86_64 1.1.0 37.83 107.70 145.53 OK
r-release-macos-arm64 1.1.0 NOTE
r-release-macos-x86_64 1.1.0 NOTE
r-release-windows-ix86+x86_64 1.1.0 82.00 158.00 240.00 OK
r-oldrel-macos-x86_64 1.1.0 NOTE
r-oldrel-windows-ix86+x86_64 1.1.0 62.00 209.00 271.00 OK

Check Details

Version: 1.1.0
Check: dependencies in R code
Result: NOTE
    Namespaces in Imports field not imported from:
     ‘gtools’ ‘reshape2’
     All declared Imports should be used.
Flavors: r-devel-linux-x86_64-fedora-clang, r-devel-linux-x86_64-fedora-gcc, r-devel-windows-x86_64-gcc10-UCRT, r-patched-solaris-x86, r-release-macos-arm64, r-release-macos-x86_64, r-oldrel-macos-x86_64

Version: 1.1.0
Check: installed package size
Result: NOTE
     installed size is 5.4Mb
     sub-directories of 1Mb or more:
     doc 1.9Mb
     libs 2.5Mb
Flavor: r-release-macos-arm64