CRAN Package Check Results for Package sourcetools

Last updated on 2021-06-19 22:56:46 CEST.

Flavor Version Tinstall Tcheck Ttotal Status Flags
r-devel-linux-x86_64-debian-clang 0.1.7 5.10 25.05 30.15 NOTE
r-devel-linux-x86_64-debian-gcc 0.1.7 4.06 19.38 23.44 NOTE
r-devel-linux-x86_64-fedora-clang 0.1.7 48.44 NOTE
r-devel-linux-x86_64-fedora-gcc 0.1.7 36.20 NOTE
r-devel-windows-x86_64 0.1.7 16.00 36.00 52.00 NOTE
r-devel-windows-x86_64-gcc10-UCRT 0.1.7 NOTE
r-patched-linux-x86_64 0.1.7 4.64 23.77 28.41 NOTE
r-patched-solaris-x86 0.1.7 59.70 NOTE
r-release-linux-x86_64 0.1.7 4.04 23.91 27.95 NOTE
r-release-macos-arm64 0.1.7 NOTE
r-release-macos-x86_64 0.1.7 ERROR
r-release-windows-ix86+x86_64 0.1.7 27.00 63.00 90.00 NOTE
r-oldrel-macos-x86_64 0.1.7 OK
r-oldrel-windows-ix86+x86_64 0.1.7 24.00 57.00 81.00 OK

Check Details

Version: 0.1.7
Check: LazyData
Result: NOTE
     'LazyData' is specified without a 'data' directory
Flavors: r-devel-linux-x86_64-debian-clang, r-devel-linux-x86_64-debian-gcc, r-devel-linux-x86_64-fedora-clang, r-devel-linux-x86_64-fedora-gcc, r-devel-windows-x86_64, r-devel-windows-x86_64-gcc10-UCRT, r-patched-linux-x86_64, r-patched-solaris-x86, r-release-linux-x86_64, r-release-macos-arm64, r-release-macos-x86_64, r-release-windows-ix86+x86_64

Version: 0.1.7
Check: tests
Result: ERROR
     Running ‘testthat.R’ [1s/2s]
    Running the tests in ‘tests/testthat.R’ failed.
    Last 13 lines of output:
     9. │ └─waldo:::ses(x, y, elementwise = elementwise)
     10. └─base::loadNamespace(x)
     11. ├─base::namespaceImportFrom(...)
     12. │ └─base::asNamespace(ns)
     13. └─base::loadNamespace(j <- i[[1L]], c(lib.loc, .libPaths()), versionCheck = vI[[j]])
     14. ├─base::namespaceImportFrom(...)
     15. │ └─base::asNamespace(ns)
     16. └─base::loadNamespace(j <- i[[1L]], c(lib.loc, .libPaths()), versionCheck = vI[[j]])
     17. └─base::withRestarts(stop(cond), retry_loadNamespace = function() NULL)
     18. └─base:::withOneRestart(expr, restarts[[1L]])
     19. └─base:::doWithOneRestart(return(expr), restart)
    
     [ FAIL 5 | WARN 0 | SKIP 2 | PASS 51 ]
     Error: Test failures
     Execution halted
Flavor: r-release-macos-x86_64