CRAN Package Check Results for Package spBFA

Last updated on 2021-05-06 22:55:37 CEST.

Flavor Version Tinstall Tcheck Ttotal Status Flags
r-devel-linux-x86_64-debian-clang 1.1 256.87 85.11 341.98 OK
r-devel-linux-x86_64-debian-gcc 1.1 173.58 63.88 237.46 OK
r-devel-linux-x86_64-fedora-clang 1.1 478.72 NOTE
r-devel-linux-x86_64-fedora-gcc 1.1 429.06 OK
r-devel-windows-ix86+x86_64 1.1 566.00 152.00 718.00 NOTE
r-devel-windows-x86_64-gcc10-UCRT 1.1 OK
r-patched-linux-x86_64 1.1 205.18 82.10 287.28 OK
r-patched-solaris-x86 1.1 384.00 OK
r-release-linux-x86_64 1.1 198.38 78.03 276.41 OK
r-release-macos-x86_64 1.1 NOTE
r-release-windows-ix86+x86_64 1.1 431.00 121.00 552.00 NOTE
r-oldrel-macos-x86_64 1.1 NOTE
r-oldrel-windows-ix86+x86_64 1.1 502.00 143.00 645.00 NOTE

Check Details

Version: 1.1
Check: installed package size
Result: NOTE
     installed size is 12.3Mb
     sub-directories of 1Mb or more:
     data 2.3Mb
     libs 9.5Mb
Flavors: r-devel-linux-x86_64-fedora-clang, r-devel-windows-ix86+x86_64, r-release-macos-x86_64, r-release-windows-ix86+x86_64, r-oldrel-macos-x86_64, r-oldrel-windows-ix86+x86_64