CRAN Package Check Results for Package spBayesSurv

Last updated on 2021-05-06 22:55:37 CEST.

Flavor Version Tinstall Tcheck Ttotal Status Flags
r-devel-linux-x86_64-debian-clang 1.1.5 512.21 86.92 599.13 OK
r-devel-linux-x86_64-debian-gcc 1.1.5 364.51 64.22 428.73 OK
r-devel-linux-x86_64-fedora-clang 1.1.5 850.96 NOTE
r-devel-linux-x86_64-fedora-gcc 1.1.5 805.50 NOTE
r-devel-windows-ix86+x86_64 1.1.5 842.00 184.00 1026.00 NOTE
r-devel-windows-x86_64-gcc10-UCRT 1.1.5 NOTE
r-patched-linux-x86_64 1.1.5 418.64 85.75 504.39 OK
r-patched-solaris-x86 1.1.5 627.70 NOTE
r-release-linux-x86_64 1.1.5 430.33 79.45 509.78 OK
r-release-macos-x86_64 1.1.5 NOTE
r-release-windows-ix86+x86_64 1.1.5 861.00 139.00 1000.00 NOTE
r-oldrel-macos-x86_64 1.1.5 NOTE
r-oldrel-windows-ix86+x86_64 1.1.5 1029.00 134.00 1163.00 NOTE

Check Details

Version: 1.1.5
Check: installed package size
Result: NOTE
     installed size is 27.6Mb
     sub-directories of 1Mb or more:
     libs 26.8Mb
Flavors: r-devel-linux-x86_64-fedora-clang, r-devel-windows-ix86+x86_64, r-release-macos-x86_64, r-release-windows-ix86+x86_64, r-oldrel-macos-x86_64, r-oldrel-windows-ix86+x86_64

Version: 1.1.5
Check: dependencies in R code
Result: NOTE
    Namespace in Imports field not imported from: ‘MASS’
     All declared Imports should be used.
Flavors: r-devel-linux-x86_64-fedora-clang, r-devel-linux-x86_64-fedora-gcc, r-devel-windows-x86_64-gcc10-UCRT, r-patched-solaris-x86, r-release-macos-x86_64, r-oldrel-macos-x86_64