CRAN Package Check Results for Package spCP

Last updated on 2020-02-17 22:49:49 CET.

Flavor Version Tinstall Tcheck Ttotal Status Flags
r-devel-linux-x86_64-debian-clang 1.2 238.42 231.04 469.46 OK
r-devel-linux-x86_64-debian-gcc 1.2 163.08 191.36 354.44 OK
r-devel-linux-x86_64-fedora-clang 1.2 626.80 NOTE
r-devel-linux-x86_64-fedora-gcc 1.2 624.64 OK
r-devel-windows-ix86+x86_64 1.2 446.00 411.00 857.00 OK
r-devel-windows-ix86+x86_64-gcc8 1.2 664.00 398.00 1062.00 OK
r-patched-linux-x86_64 1.2 200.22 218.43 418.65 OK
r-patched-solaris-x86 1.2 878.60 OK
r-release-linux-x86_64 1.2 192.12 220.56 412.68 OK
r-release-windows-ix86+x86_64 1.2 437.00 408.00 845.00 OK
r-release-osx-x86_64 1.2 NOTE
r-oldrel-windows-ix86+x86_64 1.2 338.00 561.00 899.00 OK
r-oldrel-osx-x86_64 1.2 NOTE

Check Details

Version: 1.2
Check: installed package size
Result: NOTE
     installed size is 9.4Mb
     sub-directories of 1Mb or more:
     libs 8.8Mb
Flavors: r-devel-linux-x86_64-fedora-clang, r-release-osx-x86_64, r-oldrel-osx-x86_64