CRAN Package Check Results for Package spDates

Last updated on 2021-05-05 22:51:51 CEST.

Flavor Version Tinstall Tcheck Ttotal Status Flags
r-devel-linux-x86_64-debian-clang 1.0 13.49 105.80 119.29 OK
r-devel-linux-x86_64-debian-gcc 1.0 9.73 79.17 88.90 OK
r-devel-linux-x86_64-fedora-clang 1.0 151.27 NOTE
r-devel-linux-x86_64-fedora-gcc 1.0 138.23 NOTE
r-devel-windows-ix86+x86_64 1.0 38.00 132.00 170.00 NOTE
r-devel-windows-x86_64-gcc10-UCRT 1.0 NOTE
r-patched-linux-x86_64 1.0 13.15 100.19 113.34 OK
r-patched-solaris-x86 1.0 217.80 NOTE
r-release-linux-x86_64 1.0 13.13 98.32 111.45 OK
r-release-macos-x86_64 1.0 NOTE
r-release-windows-ix86+x86_64 1.0 22.00 99.00 121.00 NOTE
r-oldrel-macos-x86_64 1.0 NOTE
r-oldrel-windows-ix86+x86_64 1.0 26.00 119.00 145.00 NOTE

Check Details

Version: 1.0
Check: installed package size
Result: NOTE
     installed size is 5.9Mb
     sub-directories of 1Mb or more:
     data 4.3Mb
     help 1.6Mb
Flavors: r-devel-linux-x86_64-fedora-clang, r-devel-windows-ix86+x86_64, r-patched-solaris-x86, r-release-macos-x86_64, r-release-windows-ix86+x86_64, r-oldrel-macos-x86_64, r-oldrel-windows-ix86+x86_64

Version: 1.0
Check: data for non-ASCII characters
Result: NOTE
     Note: found 34 marked UTF-8 strings
Flavors: r-devel-linux-x86_64-fedora-clang, r-devel-linux-x86_64-fedora-gcc, r-patched-solaris-x86, r-release-macos-x86_64, r-oldrel-macos-x86_64

Version: 1.0
Check: data for non-ASCII characters
Result: NOTE
     Note: found 34 marked Latin-1 strings
Flavor: r-devel-windows-x86_64-gcc10-UCRT