CRAN Package Check Results for Package spFSR

Last updated on 2019-09-16 22:49:35 CEST.

Flavor Version Tinstall Tcheck Ttotal Status Flags
r-devel-linux-x86_64-debian-clang 1.0.0 8.58 89.98 98.56 OK
r-devel-linux-x86_64-debian-gcc 1.0.0 7.70 68.42 76.12 OK
r-devel-linux-x86_64-fedora-clang 1.0.0 121.73 NOTE
r-devel-linux-x86_64-fedora-gcc 1.0.0 111.61 NOTE
r-devel-windows-ix86+x86_64 1.0.0 43.00 175.00 218.00 OK
r-patched-linux-x86_64 1.0.0 7.51 85.76 93.27 OK
r-patched-solaris-x86 1.0.0 248.00 NOTE
r-release-linux-x86_64 1.0.0 7.96 86.44 94.40 OK
r-release-windows-ix86+x86_64 1.0.0 22.00 187.00 209.00 OK
r-release-osx-x86_64 1.0.0 NOTE
r-oldrel-windows-ix86+x86_64 1.0.0 17.00 120.00 137.00 OK
r-oldrel-osx-x86_64 1.0.0 NOTE

Check Details

Version: 1.0.0
Check: dependencies in R code
Result: NOTE
    Namespaces in Imports field not imported from:
     ‘class’ ‘mlbench’
     All declared Imports should be used.
Flavors: r-devel-linux-x86_64-fedora-clang, r-devel-linux-x86_64-fedora-gcc, r-patched-solaris-x86, r-release-osx-x86_64, r-oldrel-osx-x86_64