CRAN Package Check Results for Package spFSR

Last updated on 2020-02-17 22:49:49 CET.

Flavor Version Tinstall Tcheck Ttotal Status Flags
r-devel-linux-x86_64-debian-clang 1.0.0 9.64 101.13 110.77 OK
r-devel-linux-x86_64-debian-gcc 1.0.0 6.87 75.54 82.41 OK
r-devel-linux-x86_64-fedora-clang 1.0.0 126.01 NOTE
r-devel-linux-x86_64-fedora-gcc 1.0.0 126.71 NOTE
r-devel-windows-ix86+x86_64 1.0.0 20.00 135.00 155.00 OK
r-devel-windows-ix86+x86_64-gcc8 1.0.0 31.00 140.00 171.00 OK
r-patched-linux-x86_64 1.0.0 8.39 86.79 95.18 OK
r-patched-solaris-x86 1.0.0 260.40 NOTE
r-release-linux-x86_64 1.0.0 8.33 86.40 94.73 OK
r-release-windows-ix86+x86_64 1.0.0 16.00 132.00 148.00 OK
r-release-osx-x86_64 1.0.0 NOTE
r-oldrel-windows-ix86+x86_64 1.0.0 11.00 130.00 141.00 OK
r-oldrel-osx-x86_64 1.0.0 NOTE

Check Details

Version: 1.0.0
Check: dependencies in R code
Result: NOTE
    Namespaces in Imports field not imported from:
     ‘class’ ‘mlbench’
     All declared Imports should be used.
Flavors: r-devel-linux-x86_64-fedora-clang, r-devel-linux-x86_64-fedora-gcc, r-patched-solaris-x86, r-release-osx-x86_64, r-oldrel-osx-x86_64