CRAN Package Check Results for Package spGARCH

Last updated on 2022-09-27 23:08:53 CEST.

Flavor Version Tinstall Tcheck Ttotal Status Flags
r-devel-linux-x86_64-debian-clang 0.2.2 81.11 123.58 204.69 OK
r-devel-linux-x86_64-debian-gcc 0.2.2 68.65 93.73 162.38 OK
r-devel-linux-x86_64-fedora-clang 0.2.2 264.91 OK
r-devel-linux-x86_64-fedora-gcc 0.2.2 259.44 OK
r-devel-windows-x86_64 0.2.2 63.00 161.00 224.00 OK
r-patched-linux-x86_64 0.2.2 74.23 117.66 191.89 OK
r-release-linux-x86_64 0.2.2 71.51 119.07 190.58 OK
r-release-macos-arm64 0.2.2 113.00 NOTE
r-release-macos-x86_64 0.2.2 162.00 NOTE
r-release-windows-x86_64 0.2.2 65.00 175.00 240.00 OK
r-oldrel-macos-arm64 0.2.2 93.00 NOTE
r-oldrel-macos-x86_64 0.2.2 143.00 NOTE
r-oldrel-windows-ix86+x86_64 0.2.2 180.00 185.00 365.00 OK

Check Details

Version: 0.2.2
Check: installed package size
Result: NOTE
     installed size is 24.4Mb
     sub-directories of 1Mb or more:
     libs 24.1Mb
Flavors: r-release-macos-arm64, r-release-macos-x86_64, r-oldrel-macos-arm64, r-oldrel-macos-x86_64