CRAN Package Check Results for Package spNNGP

Last updated on 2021-05-16 22:50:08 CEST.

Flavor Version Tinstall Tcheck Ttotal Status Flags
r-devel-linux-x86_64-debian-clang 0.1.5 17.54 43.83 61.37 OK
r-devel-linux-x86_64-debian-gcc 0.1.5 11.67 33.18 44.85 OK
r-devel-linux-x86_64-fedora-clang 0.1.5 90.80 OK
r-devel-linux-x86_64-fedora-gcc 0.1.5 70.89 OK
r-devel-windows-ix86+x86_64 0.1.5 47.00 74.00 121.00 NOTE
r-devel-windows-x86_64-gcc10-UCRT 0.1.5 OK
r-patched-linux-x86_64 0.1.5 14.24 42.03 56.27 OK
r-patched-solaris-x86 0.1.5 111.60 OK
r-release-linux-x86_64 0.1.5 13.85 40.47 54.32 OK
r-release-macos-x86_64 0.1.5 OK
r-release-windows-ix86+x86_64 0.1.5 37.00 70.00 107.00 NOTE
r-oldrel-macos-x86_64 0.1.5 OK
r-oldrel-windows-ix86+x86_64 0.1.5 29.00 79.00 108.00 OK

Check Details

Version: 0.1.5
Check: installed package size
Result: NOTE
     installed size is 5.4Mb
     sub-directories of 1Mb or more:
     data 3.0Mb
     libs 2.1Mb
Flavors: r-devel-windows-ix86+x86_64, r-release-windows-ix86+x86_64