CRAN Package Check Results for Package spNetwork

Last updated on 2021-10-17 22:48:50 CEST.

Flavor Version Tinstall Tcheck Ttotal Status Flags
r-devel-linux-x86_64-debian-clang 0.2.0 161.03 665.47 826.50 OK
r-devel-linux-x86_64-debian-gcc 0.2.0 122.89 485.03 607.92 OK
r-devel-linux-x86_64-fedora-clang 0.2.0 1010.85 NOTE
r-devel-linux-x86_64-fedora-gcc 0.2.0 1055.17 OK
r-devel-windows-x86_64 0.2.0 221.00 684.00 905.00 NOTE
r-devel-windows-x86_64-gcc10-UCRT 0.2.0 OK
r-patched-linux-x86_64 0.2.0 145.46 676.81 822.27 OK
r-patched-solaris-x86 0.2.0 8.10 ERROR
r-release-linux-x86_64 0.2.0 145.76 679.50 825.26 OK
r-release-macos-arm64 0.1.1 NOTE
r-release-macos-x86_64 0.2.0 WARN
r-release-windows-ix86+x86_64 0.2.0 256.00 746.00 1002.00 NOTE
r-oldrel-macos-x86_64 0.2.0 WARN
r-oldrel-windows-ix86+x86_64 0.2.0 251.00 834.00 1085.00 NOTE

Additional issues

clang-UBSAN gcc-UBSAN

Check Details

Version: 0.2.0
Check: installed package size
Result: NOTE
     installed size is 13.7Mb
     sub-directories of 1Mb or more:
     doc 2.0Mb
     extdata 4.0Mb
     libs 7.0Mb
Flavors: r-devel-linux-x86_64-fedora-clang, r-devel-windows-x86_64, r-release-macos-x86_64, r-release-windows-ix86+x86_64, r-oldrel-macos-x86_64, r-oldrel-windows-ix86+x86_64

Version: 0.2.0
Check: whether package can be installed
Result: ERROR
    Installation failed.
Flavor: r-patched-solaris-x86

Version: 0.1.1
Check: installed package size
Result: NOTE
     installed size is 11.2Mb
     sub-directories of 1Mb or more:
     extdata 5.6Mb
     libs 4.5Mb
Flavor: r-release-macos-arm64

Version: 0.1.1
Check: LazyData
Result: NOTE
     'LazyData' is specified without a 'data' directory
Flavor: r-release-macos-arm64

Version: 0.2.0
Check: re-building of vignette outputs
Result: WARN
    Error(s) in re-building vignettes:
    --- re-building ‘Isochrones.Rmd’ using rmarkdown
    Pandoc is required to build R Markdown vignettes but not available. Please make sure it is installed.
    Checking rgeos availability: TRUE
    Please note that 'maptools' will be retired by the end of 2023,
    plan transition at your earliest convenience;
    some functionality will be moved to 'sp'.
    rgeos version: 0.5-8, (SVN revision 679)
     GEOS runtime version: 3.8.1-CAPI-1.13.3
     Please note that rgeos will be retired by the end of 2023,
    plan transition to sf functions using GEOS at your earliest convenience.
     Linking to sp version: 1.4-5
     Polygon checking: TRUE
    
    Warning in sp::proj4string(obj) :
     CRS object has comment, which is lost in output
    Warning in sp::proj4string(obj) :
     CRS object has comment, which is lost in output
    
    Attaching package: 'smoothr'
    
    The following object is masked from 'package:stats':
    
     smooth
    
    Warning in sp::proj4string(x) :
     CRS object has comment, which is lost in output
    Warning in proj4string(obj) :
     CRS object has comment, which is lost in output
    Warning in sp::proj4string(obj) :
     CRS object has comment, which is lost in output
    --- finished re-building ‘Isochrones.Rmd’
    
    --- re-building ‘KNetworkFunctions.Rmd’ using rmarkdown
    Pandoc is required to build R Markdown vignettes but not available. Please make sure it is installed.
    --- finished re-building ‘KNetworkFunctions.Rmd’
    
    --- re-building ‘NKDE.Rmd’ using rmarkdown
    Pandoc is required to build R Markdown vignettes but not available. Please make sure it is installed.
    Checking rgeos availability: TRUE
    Please note that 'maptools' will be retired by the end of 2023,
    plan transition at your earliest convenience;
    some functionality will be moved to 'sp'.
    rgeos version: 0.5-8, (SVN revision 679)
     GEOS runtime version: 3.8.1-CAPI-1.13.3
     Please note that rgeos will be retired by the end of 2023,
    plan transition to sf functions using GEOS at your earliest convenience.
     Linking to sp version: 1.4-5
     Polygon checking: TRUE
    
    Warning in proj4string(sldf) :
     CRS object has comment, which is lost in output
    
    Attaching package: 'dplyr'
    
    The following objects are masked from 'package:raster':
    
     intersect, select, union
    
    The following objects are masked from 'package:rgeos':
    
     intersect, setdiff, union
    
    The following object is masked from 'package:kableExtra':
    
     group_rows
    
    The following objects are masked from 'package:stats':
    
     filter, lag
    
    The following objects are masked from 'package:base':
    
     intersect, setdiff, setequal, union
    
    Warning in proj4string(sldf) :
     CRS object has comment, which is lost in output
    Warning: Removed 5028 row(s) containing missing values (geom_path).
    --- finished re-building ‘NKDE.Rmd’
    
    --- re-building ‘NKDEdetailed.Rmd’ using rmarkdown
    Pandoc is required to build R Markdown vignettes but not available. Please make sure it is installed.
    Loading required package: sp
    rgeos version: 0.5-8, (SVN revision 679)
     GEOS runtime version: 3.8.1-CAPI-1.13.3
     Please note that rgeos will be retired by the end of 2023,
    plan transition to sf functions using GEOS at your earliest convenience.
     Linking to sp version: 1.4-5
     Polygon checking: TRUE
    
    Checking rgeos availability: TRUE
    Please note that 'maptools' will be retired by the end of 2023,
    plan transition at your earliest convenience;
    some functionality will be moved to 'sp'.
    
    Attaching package: 'rgl'
    
    The following object is masked from 'package:rgeos':
    
     triangulate
    
    Warning in snapshot3d(scene = x, width = width, height = height) :
     webshot = TRUE requires the webshot2 package; using rgl.snapshot() instead
    Quitting from lines 163-164 (NKDEdetailed.Rmd)
    Error: processing vignette 'NKDEdetailed.Rmd' failed with diagnostics:
    OpenGL is not available in this build
    --- failed re-building ‘NKDEdetailed.Rmd’
    
    --- re-building ‘NetworkBuilding.Rmd’ using rmarkdown
    Pandoc is required to build R Markdown vignettes but not available. Please make sure it is installed.
    Checking rgeos availability: TRUE
    Please note that 'maptools' will be retired by the end of 2023,
    plan transition at your earliest convenience;
    some functionality will be moved to 'sp'.
    rgeos version: 0.5-8, (SVN revision 679)
     GEOS runtime version: 3.8.1-CAPI-1.13.3
     Please note that rgeos will be retired by the end of 2023,
    plan transition to sf functions using GEOS at your earliest convenience.
     Linking to sp version: 1.4-5
     Polygon checking: TRUE
    
    Warning in RGEOSBinPredFunc(spgeom1, spgeom2, byid, func) :
     spgeom1 and spgeom2 have different proj4 strings
    Warning in RGEOSBinPredFunc(spgeom1, spgeom2, byid, func) :
     spgeom1 and spgeom2 have different proj4 strings
    Warning in RGEOSBinPredFunc(spgeom1, spgeom2, byid, func) :
     spgeom1 and spgeom2 have different proj4 strings
    Warning in proj4string(points) :
     CRS object has comment, which is lost in output
    Warning in sp::proj4string(obj) :
     CRS object has comment, which is lost in output
    Warning in sp::proj4string(obj) :
     CRS object has comment, which is lost in output
    Warning in sp::proj4string(obj) :
     CRS object has comment, which is lost in output
    Warning in sp::proj4string(obj) :
     CRS object has comment, which is lost in output
    --- finished re-building ‘NetworkBuilding.Rmd’
    
    --- re-building ‘SpatialWeightMatrices.Rmd’ using rmarkdown
    Pandoc is required to build R Markdown vignettes but not available. Please make sure it is installed.
    --- finished re-building ‘SpatialWeightMatrices.Rmd’
    
    SUMMARY: processing the following file failed:
     ‘NKDEdetailed.Rmd’
    
    Error: Vignette re-building failed.
    Execution halted
Flavors: r-release-macos-x86_64, r-oldrel-macos-x86_64