CRAN Package Check Results for Package spTest

Last updated on 2019-09-18 22:52:51 CEST.

Flavor Version Tinstall Tcheck Ttotal Status Flags
r-devel-linux-x86_64-debian-clang 0.2.5 7.86 151.07 158.93 OK
r-devel-linux-x86_64-debian-gcc 0.2.5 6.45 114.43 120.88 OK
r-devel-linux-x86_64-fedora-clang 0.2.5 199.83 OK
r-devel-linux-x86_64-fedora-gcc 0.2.5 187.66 OK
r-devel-windows-ix86+x86_64 0.2.5 17.00 199.00 216.00 OK
r-patched-linux-x86_64 0.2.5 7.64 147.42 155.06 OK
r-patched-solaris-x86 0.2.5 395.90 OK
r-release-linux-x86_64 0.2.5 7.36 147.75 155.11 OK
r-release-windows-ix86+x86_64 0.2.5 14.00 254.00 268.00 OK
r-release-osx-x86_64 0.2.5 FAIL
r-oldrel-windows-ix86+x86_64 0.2.5 6.00 180.00 186.00 OK
r-oldrel-osx-x86_64 0.2.5 OK

Check Details

Version: 0.2.5
Check: whether package can be installed
Result: FAIL
    
Flavor: r-release-osx-x86_64