CRAN Package Check Results for Package spam

Last updated on 2021-06-18 22:54:45 CEST.

Flavor Version Tinstall Tcheck Ttotal Status Flags
r-devel-linux-x86_64-debian-clang 2.6-0 29.31 155.43 184.74 OK
r-devel-linux-x86_64-debian-gcc 2.6-0 25.07 119.20 144.27 OK
r-devel-linux-x86_64-fedora-clang 2.6-0 231.92 NOTE
r-devel-linux-x86_64-fedora-gcc 2.6-0 222.36 OK
r-devel-windows-x86_64 2.6-0 52.00 148.00 200.00 OK
r-devel-windows-x86_64-gcc10-UCRT 2.6-0 OK
r-patched-linux-x86_64 2.6-0 30.00 151.85 181.85 OK
r-patched-solaris-x86 2.6-0 311.30 OK
r-release-linux-x86_64 2.6-0 28.63 150.15 178.78 OK
r-release-macos-arm64 2.6-0 OK
r-release-macos-x86_64 2.6-0 OK
r-release-windows-ix86+x86_64 2.6-0 69.00 266.00 335.00 OK
r-oldrel-macos-x86_64 2.6-0 OK
r-oldrel-windows-ix86+x86_64 2.6-0 51.00 269.00 320.00 OK

Check Details

Version: 2.6-0
Check: Rd cross-references
Result: NOTE
    Undeclared packages ‘maps’, ‘magic’, ‘SparseM’ in Rd xrefs
Flavor: r-devel-linux-x86_64-fedora-clang