CRAN Package Check Results for Package spant

Last updated on 2021-05-14 23:51:01 CEST.

Flavor Version Tinstall Tcheck Ttotal Status Flags
r-devel-linux-x86_64-debian-clang 1.12.0 20.76 242.16 262.92 OK
r-devel-linux-x86_64-debian-gcc 1.12.0 14.46 190.51 204.97 OK
r-devel-linux-x86_64-fedora-clang 1.12.0 338.07 NOTE
r-devel-linux-x86_64-fedora-gcc 1.12.0 317.84 NOTE
r-devel-windows-ix86+x86_64 1.12.0 40.00 284.00 324.00 OK
r-devel-windows-x86_64-gcc10-UCRT 1.12.0 NOTE
r-patched-linux-x86_64 1.12.0 25.62 233.83 259.45 OK
r-patched-solaris-x86 1.12.0 539.50 NOTE
r-release-linux-x86_64 1.12.0 19.90 231.98 251.88 OK
r-release-macos-x86_64 1.12.0 NOTE
r-release-windows-ix86+x86_64 1.12.0 29.00 278.00 307.00 OK
r-oldrel-macos-x86_64 1.12.0 NOTE
r-oldrel-windows-ix86+x86_64 1.12.0 31.00 270.00 301.00 NOTE

Check Details

Version: 1.12.0
Check: package dependencies
Result: NOTE
    Imports includes 24 non-default packages.
    Importing from so many packages makes the package vulnerable to any of
    them becoming unavailable. Move as many as possible to Suggests and
    use conditionally.
Flavor: r-devel-linux-x86_64-fedora-clang

Version: 1.12.0
Check: dependencies in R code
Result: NOTE
    Namespace in Imports field not imported from: ‘foreach’
     All declared Imports should be used.
Flavors: r-devel-linux-x86_64-fedora-clang, r-devel-linux-x86_64-fedora-gcc, r-devel-windows-x86_64-gcc10-UCRT, r-patched-solaris-x86, r-release-macos-x86_64, r-oldrel-macos-x86_64

Version: 1.12.0
Check: R code for possible problems
Result: NOTE
    svs_1h_brain_analysis: no visible global function definition for ‘plot’
    Undefined global functions or variables:
     plot
    Consider adding
     importFrom("graphics", "plot")
    to your NAMESPACE file.
Flavors: r-oldrel-macos-x86_64, r-oldrel-windows-ix86+x86_64