CRAN Package Check Results for Package sparkbq

Last updated on 2023-09-26 23:04:26 CEST.

Flavor Version Tinstall Tcheck Ttotal Status Flags
r-devel-linux-x86_64-debian-clang 0.1.1 7.19 62.25 69.44 NOTE
r-devel-linux-x86_64-debian-gcc 0.1.1 5.96 45.38 51.34 NOTE
r-devel-linux-x86_64-fedora-clang 0.1.1 84.26 NOTE
r-devel-linux-x86_64-fedora-gcc 0.1.1 81.53 NOTE
r-devel-windows-x86_64 0.1.1 8.00 64.00 72.00 NOTE
r-patched-linux-x86_64 0.1.1 4.77 58.42 63.19 NOTE
r-release-linux-x86_64 0.1.1 4.62 58.05 62.67 NOTE
r-release-macos-arm64 0.1.1 29.00 NOTE
r-release-macos-x86_64 0.1.1 48.00 NOTE
r-release-windows-x86_64 0.1.1 11.00 70.00 81.00 NOTE
r-oldrel-macos-arm64 0.1.1 26.00 NOTE
r-oldrel-macos-x86_64 0.1.1 44.00 NOTE
r-oldrel-windows-x86_64 0.1.1 11.00 72.00 83.00 NOTE

Check Details

Version: 0.1.1
Check: LazyData
Result: NOTE
     'LazyData' is specified without a 'data' directory
Flavors: r-devel-linux-x86_64-debian-clang, r-devel-linux-x86_64-debian-gcc, r-devel-linux-x86_64-fedora-clang, r-devel-linux-x86_64-fedora-gcc, r-devel-windows-x86_64, r-patched-linux-x86_64, r-release-linux-x86_64, r-release-macos-arm64, r-release-macos-x86_64, r-release-windows-x86_64, r-oldrel-macos-arm64, r-oldrel-macos-x86_64, r-oldrel-windows-x86_64