Last updated on 2024-04-18 22:53:01 CEST.
Flavor | Version | Tinstall | Tcheck | Ttotal | Status | Flags |
---|---|---|---|---|---|---|
r-devel-linux-x86_64-debian-clang | 0.1.1 | 8.29 | 67.32 | 75.61 | NOTE | |
r-devel-linux-x86_64-debian-gcc | 0.1.1 | 4.91 | 49.69 | 54.60 | NOTE | |
r-devel-linux-x86_64-fedora-clang | 0.1.1 | 94.27 | NOTE | |||
r-devel-linux-x86_64-fedora-gcc | 0.1.1 | 86.33 | NOTE | |||
r-prerel-macos-arm64 | 0.1.1 | 28.00 | NOTE | |||
r-prerel-windows-x86_64 | 0.1.1 | 7.00 | 66.00 | 73.00 | NOTE | |
r-patched-linux-x86_64 | 0.1.1 | 4.88 | 64.15 | 69.03 | NOTE | |
r-release-linux-x86_64 | 0.1.1 | 6.81 | 64.70 | 71.51 | NOTE | |
r-release-macos-arm64 | 0.1.1 | 35.00 | NOTE | |||
r-release-macos-x86_64 | 0.1.1 | 51.00 | NOTE | |||
r-release-windows-x86_64 | 0.1.1 | 9.00 | 73.00 | 82.00 | NOTE | |
r-oldrel-macos-arm64 | 0.1.1 | 29.00 | NOTE | |||
r-oldrel-windows-x86_64 | 0.1.1 | 10.00 | 80.00 | 90.00 | NOTE |
Version: 0.1.1
Check: LazyData
Result: NOTE
'LazyData' is specified without a 'data' directory
Flavors: r-devel-linux-x86_64-debian-clang, r-devel-linux-x86_64-debian-gcc, r-devel-linux-x86_64-fedora-clang, r-devel-linux-x86_64-fedora-gcc, r-prerel-macos-arm64, r-prerel-windows-x86_64, r-patched-linux-x86_64, r-release-linux-x86_64, r-release-macos-arm64, r-release-macos-x86_64, r-release-windows-x86_64, r-oldrel-macos-arm64, r-oldrel-windows-x86_64