CRAN Package Check Results for Package sparklyr

Last updated on 2020-02-22 22:48:01 CET.

Flavor Version Tinstall Tcheck Ttotal Status Flags
r-devel-linux-x86_64-debian-clang 1.1.0 27.53 137.03 164.56 OK
r-devel-linux-x86_64-debian-gcc 1.1.0 21.86 100.37 122.23 OK
r-devel-linux-x86_64-fedora-clang 1.1.0 194.91 NOTE
r-devel-linux-x86_64-fedora-gcc 1.1.0 187.83 OK
r-devel-windows-ix86+x86_64 1.1.0 48.00 121.00 169.00 OK
r-devel-windows-ix86+x86_64-gcc8 1.1.0 66.00 144.00 210.00 OK
r-patched-linux-x86_64 1.1.0 OK
r-patched-solaris-x86 1.1.0 212.00 NOTE
r-release-linux-x86_64 1.1.0 25.18 121.13 146.31 OK
r-release-windows-ix86+x86_64 1.1.0 38.00 142.00 180.00 OK
r-release-osx-x86_64 1.1.0 OK
r-oldrel-windows-ix86+x86_64 1.1.0 35.00 134.00 169.00 OK
r-oldrel-osx-x86_64 1.1.0 OK

Check Details

Version: 1.1.0
Check: package dependencies
Result: NOTE
    Imports includes 23 non-default packages.
    Importing from so many packages makes the package vulnerable to any of
    them becoming unavailable. Move as many as possible to Suggests and
    use conditionally.
Flavor: r-devel-linux-x86_64-fedora-clang

Version: 1.1.0
Check: installed package size
Result: NOTE
     installed size is 5.5Mb
     sub-directories of 1Mb or more:
     R 1.4Mb
     java 3.0Mb
Flavor: r-patched-solaris-x86