CRAN Package Check Results for Package sparklyr.nested

Last updated on 2021-11-30 22:54:45 CET.

Flavor Version Tinstall Tcheck Ttotal Status Flags
r-devel-linux-x86_64-debian-clang 0.0.3 7.11 57.72 64.83 NOTE
r-devel-linux-x86_64-debian-gcc 0.0.3 4.66 44.17 48.83 NOTE
r-devel-linux-x86_64-fedora-clang 0.0.3 94.49 NOTE
r-devel-linux-x86_64-fedora-gcc 0.0.3 79.60 NOTE
r-devel-windows-x86_64-new-UL 0.0.3 14.00 95.00 109.00 NOTE
r-devel-windows-x86_64-new-TK 0.0.3 NOTE
r-devel-windows-x86_64-old 0.0.3 11.00 61.00 72.00 NOTE
r-patched-linux-x86_64 0.0.3 6.21 55.10 61.31 NOTE
r-patched-solaris-x86 0.0.3 103.10 NOTE
r-release-linux-x86_64 0.0.3 6.12 54.40 60.52 NOTE
r-release-macos-arm64 0.0.3 NOTE
r-release-macos-x86_64 0.0.3 NOTE
r-release-windows-ix86+x86_64 0.0.3 18.00 58.00 76.00 NOTE
r-oldrel-macos-x86_64 0.0.3 OK
r-oldrel-windows-ix86+x86_64 0.0.3 11.00 63.00 74.00 OK

Check Details

Version: 0.0.3
Check: LazyData
Result: NOTE
     'LazyData' is specified without a 'data' directory
Flavors: r-devel-linux-x86_64-debian-clang, r-devel-linux-x86_64-debian-gcc, r-devel-linux-x86_64-fedora-clang, r-devel-linux-x86_64-fedora-gcc, r-devel-windows-x86_64-new-UL, r-devel-windows-x86_64-new-TK, r-devel-windows-x86_64-old, r-patched-linux-x86_64, r-patched-solaris-x86, r-release-linux-x86_64, r-release-macos-arm64, r-release-macos-x86_64, r-release-windows-ix86+x86_64