Last updated on 2024-03-28 23:01:59 CET.
Flavor | Version | Tinstall | Tcheck | Ttotal | Status | Flags |
---|---|---|---|---|---|---|
r-devel-linux-x86_64-debian-clang | 0.1.6 | 25.18 | 65.15 | 90.33 | NOTE | |
r-devel-linux-x86_64-debian-gcc | 0.1.6 | 19.70 | 49.58 | 69.28 | NOTE | |
r-devel-linux-x86_64-fedora-clang | 0.1.6 | 131.84 | NOTE | |||
r-devel-linux-x86_64-fedora-gcc | 0.1.6 | 121.66 | NOTE | |||
r-devel-windows-x86_64 | 0.1.6 | 22.00 | 81.00 | 103.00 | NOTE | |
r-patched-linux-x86_64 | 0.1.6 | 18.72 | 64.29 | 83.01 | NOTE | |
r-release-linux-x86_64 | 0.1.6 | 16.74 | 64.56 | 81.30 | NOTE | |
r-release-macos-arm64 | 0.1.6 | 36.00 | NOTE | |||
r-release-macos-x86_64 | 0.1.6 | 71.00 | NOTE | |||
r-release-windows-x86_64 | 0.1.6 | 27.00 | 99.00 | 126.00 | NOTE | |
r-oldrel-macos-arm64 | 0.1.6 | 36.00 | OK | |||
r-oldrel-windows-x86_64 | 0.1.6 | 28.00 | 98.00 | 126.00 | OK |
Version: 0.1.6
Check: C++ specification
Result: NOTE
Specified C++11: please drop specification unless essential
Flavors: r-devel-linux-x86_64-debian-clang, r-devel-linux-x86_64-debian-gcc, r-devel-linux-x86_64-fedora-clang, r-devel-linux-x86_64-fedora-gcc, r-devel-windows-x86_64, r-patched-linux-x86_64, r-release-linux-x86_64, r-release-macos-arm64, r-release-macos-x86_64, r-release-windows-x86_64