Last updated on 2024-04-23 22:55:37 CEST.
Flavor | Version | Tinstall | Tcheck | Ttotal | Status | Flags |
---|---|---|---|---|---|---|
r-devel-linux-x86_64-debian-clang | 0.1.1 | 9.97 | 66.52 | 76.49 | NOTE | |
r-devel-linux-x86_64-debian-gcc | 0.1.1 | 6.36 | 48.55 | 54.91 | NOTE | |
r-devel-linux-x86_64-fedora-clang | 0.1.1 | 95.86 | NOTE | |||
r-devel-linux-x86_64-fedora-gcc | 0.1.1 | 88.25 | NOTE | |||
r-prerel-macos-arm64 | 0.1.1 | 28.00 | NOTE | |||
r-prerel-windows-x86_64 | 0.1.1 | 8.00 | 69.00 | 77.00 | NOTE | |
r-patched-linux-x86_64 | 0.1.1 | 10.35 | 61.95 | 72.30 | NOTE | |
r-release-linux-x86_64 | 0.1.1 | 5.05 | 62.47 | 67.52 | NOTE | |
r-release-macos-arm64 | 0.1.1 | 31.00 | NOTE | |||
r-release-macos-x86_64 | 0.1.1 | 58.00 | NOTE | |||
r-release-windows-x86_64 | 0.1.1 | 9.00 | 76.00 | 85.00 | NOTE | |
r-oldrel-macos-arm64 | 0.1.1 | 28.00 | NOTE | |||
r-oldrel-windows-x86_64 | 0.1.1 | 10.00 | 81.00 | 91.00 | NOTE |
Version: 0.1.1
Check: Rd files
Result: NOTE
checkRd: (-1) xgboost_classifier.Rd:92: Lost braces; missing escapes or markup?
92 | \item{tree_method}{The tree construction algorithm used in XGBoost. options: {'auto', 'exact', 'approx'} [default='auto']}
| ^
checkRd: (-1) xgboost_classifier.Rd:100: Lost braces; missing escapes or markup?
100 | \item{normalize_type}{Parameter of Dart booster. type of normalization algorithm, options: {'tree', 'forest'}. [default="tree"]}
| ^
checkRd: (-1) xgboost_classifier.Rd:116: Lost braces; missing escapes or markup?
116 | \item{use_external_memory}{The tree construction algorithm used in XGBoost. options: {'auto', 'exact', 'approx'} [default='auto']}
| ^
checkRd: (-1) xgboost_regressor.Rd:88: Lost braces; missing escapes or markup?
88 | \item{tree_method}{The tree construction algorithm used in XGBoost. options: {'auto', 'exact', 'approx'} [default='auto']}
| ^
checkRd: (-1) xgboost_regressor.Rd:96: Lost braces; missing escapes or markup?
96 | \item{normalize_type}{Parameter of Dart booster. type of normalization algorithm, options: {'tree', 'forest'}. [default="tree"]}
| ^
checkRd: (-1) xgboost_regressor.Rd:112: Lost braces; missing escapes or markup?
112 | \item{use_external_memory}{The tree construction algorithm used in XGBoost. options: {'auto', 'exact', 'approx'} [default='auto']}
| ^
Flavors: r-devel-linux-x86_64-debian-clang, r-devel-linux-x86_64-debian-gcc, r-devel-linux-x86_64-fedora-clang, r-devel-linux-x86_64-fedora-gcc, r-prerel-macos-arm64, r-prerel-windows-x86_64, r-patched-linux-x86_64
Version: 0.1.1
Check: LazyData
Result: NOTE
'LazyData' is specified without a 'data' directory
Flavors: r-devel-linux-x86_64-debian-clang, r-devel-linux-x86_64-debian-gcc, r-devel-linux-x86_64-fedora-clang, r-devel-linux-x86_64-fedora-gcc, r-prerel-macos-arm64, r-prerel-windows-x86_64, r-patched-linux-x86_64, r-release-linux-x86_64, r-release-macos-arm64, r-release-macos-x86_64, r-release-windows-x86_64, r-oldrel-macos-arm64, r-oldrel-windows-x86_64