CRAN Package Check Results for Package sparr

Last updated on 2021-05-14 23:51:01 CEST.

Flavor Version Tinstall Tcheck Ttotal Status Flags
r-devel-linux-x86_64-debian-clang 2.2-15 18.13 126.34 144.47 OK
r-devel-linux-x86_64-debian-gcc 2.2-15 13.25 97.08 110.33 OK
r-devel-linux-x86_64-fedora-clang 2.2-15 185.96 NOTE
r-devel-linux-x86_64-fedora-gcc 2.2-15 175.57 OK
r-devel-windows-ix86+x86_64 2.2-15 30.00 110.00 140.00 OK
r-devel-windows-x86_64-gcc10-UCRT 2.2-15 OK
r-patched-linux-x86_64 2.2-15 24.49 124.01 148.50 OK
r-patched-solaris-x86 2.2-15 257.30 OK
r-release-linux-x86_64 2.2-15 17.13 117.08 134.21 OK
r-release-macos-x86_64 2.2-15 OK
r-release-windows-ix86+x86_64 2.2-15 22.00 146.00 168.00 OK
r-oldrel-macos-x86_64 2.2-15 OK
r-oldrel-windows-ix86+x86_64 2.2-15 20.00 132.00 152.00 OK

Check Details

Version: 2.2-15
Check: Rd cross-references
Result: NOTE
    Undeclared packages ‘splancs’, ‘spatstat.data’ in Rd xrefs
Flavor: r-devel-linux-x86_64-fedora-clang