Last updated on 2024-04-19 22:56:04 CEST.
Flavor | Version | Tinstall | Tcheck | Ttotal | Status | Flags |
---|---|---|---|---|---|---|
r-devel-linux-x86_64-debian-clang | 1.0 | 111.91 | 341.32 | 453.23 | OK | |
r-devel-linux-x86_64-debian-gcc | 1.0 | OK | ||||
r-devel-linux-x86_64-fedora-clang | 1.0 | 610.45 | OK | |||
r-devel-linux-x86_64-fedora-gcc | 1.0 | 628.81 | OK | |||
r-prerel-macos-arm64 | 1.0 | 192.00 | OK | |||
r-prerel-windows-x86_64 | 1.0 | 84.00 | 405.00 | 489.00 | OK | |
r-patched-linux-x86_64 | 1.0 | 108.10 | 347.10 | 455.20 | OK | |
r-release-linux-x86_64 | 1.0 | 118.09 | 356.45 | 474.54 | OK | |
r-release-macos-arm64 | 1.0 | 217.00 | NOTE | |||
r-release-macos-x86_64 | 1.0 | 391.00 | NOTE | |||
r-release-windows-x86_64 | 1.0 | 106.00 | 490.00 | 596.00 | OK | |
r-oldrel-macos-arm64 | 1.0 | 145.00 | NOTE | |||
r-oldrel-windows-x86_64 | 1.0 | 104.00 | 478.00 | 582.00 | OK |
Version: 1.0
Check: installed package size
Result: NOTE
installed size is 5.2Mb
sub-directories of 1Mb or more:
libs 4.4Mb
Flavors: r-release-macos-arm64, r-release-macos-x86_64, r-oldrel-macos-arm64