Last updated on 2024-04-23 22:55:37 CEST.
Flavor | Version | Tinstall | Tcheck | Ttotal | Status | Flags |
---|---|---|---|---|---|---|
r-devel-linux-x86_64-debian-clang | 0.1.0 | 2.17 | 111.57 | 113.74 | NOTE | |
r-devel-linux-x86_64-debian-gcc | 0.1.0 | 2.37 | 104.12 | 106.49 | NOTE | |
r-devel-linux-x86_64-fedora-clang | 0.1.0 | 147.99 | NOTE | |||
r-devel-linux-x86_64-fedora-gcc | 0.1.0 | 201.43 | NOTE | |||
r-prerel-macos-arm64 | 0.1.0 | 58.00 | NOTE | |||
r-prerel-windows-x86_64 | 0.1.0 | 3.00 | 104.00 | 107.00 | NOTE | |
r-patched-linux-x86_64 | 0.1.0 | 2.12 | 140.22 | 142.34 | NOTE | |
r-release-linux-x86_64 | 0.1.0 | 2.07 | 137.86 | 139.93 | NOTE | |
r-release-macos-arm64 | 0.1.0 | 62.00 | NOTE | |||
r-release-macos-x86_64 | 0.1.0 | 116.00 | NOTE | |||
r-release-windows-x86_64 | 0.1.0 | 3.00 | 125.00 | 128.00 | NOTE | |
r-oldrel-macos-arm64 | 0.1.0 | 55.00 | NOTE | |||
r-oldrel-windows-x86_64 | 0.1.0 | 4.00 | 131.00 | 135.00 | NOTE |
Version: 0.1.0
Check: LazyData
Result: NOTE
'LazyData' is specified without a 'data' directory
Flavors: r-devel-linux-x86_64-debian-clang, r-devel-linux-x86_64-debian-gcc, r-devel-linux-x86_64-fedora-clang, r-devel-linux-x86_64-fedora-gcc, r-prerel-macos-arm64, r-prerel-windows-x86_64, r-patched-linux-x86_64, r-release-linux-x86_64, r-release-macos-arm64, r-release-macos-x86_64, r-release-windows-x86_64, r-oldrel-macos-arm64, r-oldrel-windows-x86_64