CRAN Package Check Results for Package sparsebnUtils

Last updated on 2019-10-22 22:49:24 CEST.

Flavor Version Tinstall Tcheck Ttotal Status Flags
r-devel-linux-x86_64-debian-clang 0.0.7 3.56 45.18 48.74 OK
r-devel-linux-x86_64-debian-gcc 0.0.7 3.01 35.32 38.33 OK
r-devel-linux-x86_64-fedora-clang 0.0.7 57.79 OK
r-devel-linux-x86_64-fedora-gcc 0.0.7 59.46 OK
r-devel-windows-ix86+x86_64 0.0.7 8.00 73.00 81.00 OK
r-patched-linux-x86_64 0.0.7 3.73 44.81 48.54 OK
r-patched-solaris-x86 0.0.7 72.40 OK
r-release-linux-x86_64 0.0.7 3.99 44.79 48.78 OK
r-release-windows-ix86+x86_64 0.0.7 11.00 53.00 64.00 OK
r-release-osx-x86_64 0.0.7 OK
r-oldrel-windows-ix86+x86_64 0.0.7 8.00 85.00 93.00 OK
r-oldrel-osx-x86_64 0.0.7 NOTE

Check Details

Version: 0.0.7
Check: package dependencies
Result: NOTE
    Package suggested but not available for checking: ‘RCy3’
Flavor: r-oldrel-osx-x86_64

Version: 0.0.7
Check: Rd cross-references
Result: NOTE
    Package unavailable to check Rd xrefs: ‘RCy3’
Flavor: r-oldrel-osx-x86_64