CRAN Package Check Results for Package sparsegl

Last updated on 2024-02-23 23:10:19 CET.

Flavor Version Tinstall Tcheck Ttotal Status Flags
r-devel-linux-x86_64-debian-clang 1.0.2 OK
r-devel-linux-x86_64-debian-gcc 1.0.2 17.92 246.76 264.68 OK
r-devel-linux-x86_64-fedora-clang 1.0.2 414.20 NOTE
r-devel-linux-x86_64-fedora-gcc 1.0.2 416.03 OK
r-devel-windows-x86_64 1.0.2 21.00 238.00 259.00 OK
r-patched-linux-x86_64 1.0.2 18.80 310.76 329.56 OK
r-release-linux-x86_64 1.0.2 15.20 303.04 318.24 OK
r-release-macos-arm64 1.0.2 121.00 OK
r-release-macos-x86_64 1.0.2 252.00 OK
r-release-windows-x86_64 1.0.2 27.00 319.00 346.00 OK
r-oldrel-macos-arm64 1.0.2 154.00 OK
r-oldrel-windows-x86_64 1.0.2 26.00 325.00 351.00 OK

Check Details

Version: 1.0.2
Check: installed package size
Result: NOTE installed size is 5.8Mb sub-directories of 1Mb or more: libs 4.9Mb Flavor: r-devel-linux-x86_64-fedora-clang