CRAN Package Check Results for Package sparseinv

Last updated on 2021-07-31 22:53:50 CEST.

Flavor Version Tinstall Tcheck Ttotal Status Flags
r-devel-linux-x86_64-debian-clang 0.1.3 25.83 82.76 108.59 NOTE
r-devel-linux-x86_64-debian-gcc 0.1.3 19.75 62.63 82.38 NOTE
r-devel-linux-x86_64-fedora-clang 0.1.3 143.91 NOTE
r-devel-linux-x86_64-fedora-gcc 0.1.3 127.37 NOTE
r-devel-windows-x86_64 0.1.3 28.00 108.00 136.00 NOTE
r-devel-windows-x86_64-gcc10-UCRT 0.1.3 NOTE
r-patched-linux-x86_64 0.1.3 NOTE
r-patched-solaris-x86 0.1.3 186.40 NOTE
r-release-linux-x86_64 0.1.3 21.29 78.23 99.52 NOTE
r-release-macos-arm64 0.1.3 NOTE
r-release-macos-x86_64 0.1.3 NOTE
r-release-windows-ix86+x86_64 0.1.3 73.00 105.00 178.00 NOTE
r-oldrel-macos-x86_64 0.1.3 OK
r-oldrel-windows-ix86+x86_64 0.1.3 50.00 153.00 203.00 OK

Check Details

Version: 0.1.3
Check: LazyData
Result: NOTE
     'LazyData' is specified without a 'data' directory
Flavors: r-devel-linux-x86_64-debian-clang, r-devel-linux-x86_64-debian-gcc, r-devel-linux-x86_64-fedora-clang, r-devel-linux-x86_64-fedora-gcc, r-devel-windows-x86_64, r-devel-windows-x86_64-gcc10-UCRT, r-patched-linux-x86_64, r-patched-solaris-x86, r-release-linux-x86_64, r-release-macos-arm64, r-release-macos-x86_64, r-release-windows-ix86+x86_64