CRAN Package Check Results for Package sparsepca

Last updated on 2022-01-20 22:54:18 CET.

Flavor Version Tinstall Tcheck Ttotal Status Flags
r-devel-linux-x86_64-debian-clang 0.1.2 NOTE
r-devel-linux-x86_64-debian-gcc 0.1.2 5.25 51.37 56.62 NOTE
r-devel-linux-x86_64-fedora-clang 0.1.2 91.54 NOTE
r-devel-linux-x86_64-fedora-gcc 0.1.2 77.42 NOTE
r-devel-windows-x86_64-new-UL 0.1.2 30.00 87.00 117.00 NOTE
r-devel-windows-x86_64-new-TK 0.1.2 NOTE
r-patched-linux-x86_64 0.1.2 6.10 65.26 71.36 NOTE
r-release-linux-x86_64 0.1.2 7.03 64.74 71.77 NOTE
r-release-macos-arm64 0.1.2 NOTE
r-release-macos-x86_64 0.1.2 NOTE
r-release-windows-ix86+x86_64 0.1.2 15.00 76.00 91.00 NOTE
r-oldrel-macos-x86_64 0.1.2 OK
r-oldrel-windows-ix86+x86_64 0.1.2 16.00 74.00 90.00 OK

Check Details

Version: 0.1.2
Check: LazyData
Result: NOTE
     'LazyData' is specified without a 'data' directory
Flavors: r-devel-linux-x86_64-debian-clang, r-devel-linux-x86_64-debian-gcc, r-devel-linux-x86_64-fedora-clang, r-devel-linux-x86_64-fedora-gcc, r-devel-windows-x86_64-new-UL, r-devel-windows-x86_64-new-TK, r-patched-linux-x86_64, r-release-linux-x86_64, r-release-macos-arm64, r-release-macos-x86_64, r-release-windows-ix86+x86_64