CRAN Package Check Results for Package sparsereg

Last updated on 2021-08-01 22:50:04 CEST.

Flavor Version Tinstall Tcheck Ttotal Status Flags
r-devel-linux-x86_64-debian-clang 1.2 74.52 117.05 191.57 OK
r-devel-linux-x86_64-debian-gcc 1.2 52.33 87.95 140.28 OK
r-devel-linux-x86_64-fedora-clang 1.2 251.32 NOTE
r-devel-linux-x86_64-fedora-gcc 1.2 231.17 NOTE
r-devel-windows-x86_64 1.2 70.00 148.00 218.00 OK
r-devel-windows-x86_64-gcc10-UCRT 1.2 OK
r-patched-linux-x86_64 1.2 OK
r-patched-solaris-x86 1.2 305.00 OK
r-release-linux-x86_64 1.2 60.83 109.63 170.46 OK
r-release-macos-arm64 1.2 OK
r-release-macos-x86_64 1.2 OK
r-release-windows-ix86+x86_64 1.2 174.00 137.00 311.00 OK
r-oldrel-macos-x86_64 1.2 OK
r-oldrel-windows-ix86+x86_64 1.2 122.00 205.00 327.00 OK

Check Details

Version: 1.2
Check: compiled code
Result: NOTE
    File ‘sparsereg/libs/sparsereg.so’:
     Found no calls to: ‘R_registerRoutines’, ‘R_useDynamicSymbols’
    
    It is good practice to register native routines and to disable symbol
    search.
    
    See ‘Writing portable packages’ in the ‘Writing R Extensions’ manual.
Flavors: r-devel-linux-x86_64-fedora-clang, r-devel-linux-x86_64-fedora-gcc