CRAN Package Check Results for Package sparsesvd

Last updated on 2021-12-02 22:56:08 CET.

Flavor Version Tinstall Tcheck Ttotal Status Flags
r-devel-linux-x86_64-debian-clang 0.2 9.03 78.04 87.07 NOTE
r-devel-linux-x86_64-debian-gcc 0.2 7.02 62.24 69.26 NOTE
r-devel-linux-x86_64-fedora-clang 0.2 115.98 NOTE
r-devel-linux-x86_64-fedora-gcc 0.2 106.49 NOTE
r-devel-windows-x86_64-new-UL 0.2 19.00 118.00 137.00 NOTE
r-devel-windows-x86_64-new-TK 0.2 NOTE
r-devel-windows-x86_64-old 0.2 15.00 78.00 93.00 NOTE
r-patched-linux-x86_64 0.2 7.34 77.34 84.68 NOTE
r-patched-solaris-x86 0.2 180.80 NOTE
r-release-linux-x86_64 0.2 8.75 76.17 84.92 NOTE
r-release-macos-arm64 0.2 NOTE
r-release-macos-x86_64 0.2 NOTE
r-release-windows-ix86+x86_64 0.2 23.00 148.00 171.00 NOTE
r-oldrel-macos-x86_64 0.2 OK
r-oldrel-windows-ix86+x86_64 0.2 32.00 148.00 180.00 OK

Check Details

Version: 0.2
Check: LazyData
Result: NOTE
     'LazyData' is specified without a 'data' directory
Flavors: r-devel-linux-x86_64-debian-clang, r-devel-linux-x86_64-debian-gcc, r-devel-linux-x86_64-fedora-clang, r-devel-linux-x86_64-fedora-gcc, r-devel-windows-x86_64-new-UL, r-devel-windows-x86_64-new-TK, r-devel-windows-x86_64-old, r-patched-linux-x86_64, r-patched-solaris-x86, r-release-linux-x86_64, r-release-macos-arm64, r-release-macos-x86_64, r-release-windows-ix86+x86_64