Last updated on 2023-09-25 22:12:52 CEST.
Flavor | Version | Tinstall | Tcheck | Ttotal | Status | Flags |
---|---|---|---|---|---|---|
r-devel-linux-x86_64-debian-clang | 0.1.0 | 94.02 | 85.25 | 179.27 | NOTE | |
r-devel-linux-x86_64-debian-gcc | 0.1.0 | 61.74 | 65.95 | 127.69 | NOTE | |
r-devel-linux-x86_64-fedora-clang | 0.1.0 | 262.95 | NOTE | |||
r-devel-linux-x86_64-fedora-gcc | 0.1.0 | 237.36 | NOTE | |||
r-devel-windows-x86_64 | 0.1.0 | 72.00 | 101.00 | 173.00 | NOTE | |
r-patched-linux-x86_64 | 0.1.0 | 93.22 | 84.83 | 178.05 | NOTE | |
r-release-linux-x86_64 | 0.1.0 | 87.68 | 85.15 | 172.83 | NOTE | |
r-release-macos-arm64 | 0.1.0 | 62.00 | NOTE | |||
r-release-macos-x86_64 | 0.1.0 | 104.00 | NOTE | |||
r-release-windows-x86_64 | 0.1.0 | 91.00 | 119.00 | 210.00 | NOTE | |
r-oldrel-macos-arm64 | 0.1.0 | 56.00 | OK | |||
r-oldrel-macos-x86_64 | 0.1.0 | 77.00 | OK | |||
r-oldrel-windows-x86_64 | 0.1.0 | 87.00 | 114.00 | 201.00 | OK |
Version: 0.1.0
Check: C++ specification
Result: NOTE
Specified C++11: please drop specification unless essential
Flavors: r-devel-linux-x86_64-debian-clang, r-devel-linux-x86_64-debian-gcc, r-devel-linux-x86_64-fedora-clang, r-devel-linux-x86_64-fedora-gcc, r-devel-windows-x86_64, r-patched-linux-x86_64, r-release-linux-x86_64, r-release-macos-arm64, r-release-macos-x86_64, r-release-windows-x86_64