CRAN Package Check Results for Package spatialreg

Last updated on 2021-08-05 22:55:11 CEST.

Flavor Version Tinstall Tcheck Ttotal Status Flags
r-devel-linux-x86_64-debian-clang 1.1-8 33.91 341.71 375.62 OK
r-devel-linux-x86_64-debian-gcc 1.1-8 24.23 251.28 275.51 OK
r-devel-linux-x86_64-fedora-clang 1.1-8 441.58 OK
r-devel-linux-x86_64-fedora-gcc 1.1-8 451.99 OK
r-devel-windows-x86_64 1.1-8 47.00 295.00 342.00 OK
r-devel-windows-x86_64-gcc10-UCRT 1.1-8 ERROR
r-patched-linux-x86_64 1.1-8 34.59 327.68 362.27 OK
r-patched-solaris-x86 1.1-8 590.80 OK
r-release-linux-x86_64 1.1-8 31.43 326.19 357.62 OK
r-release-macos-arm64 1.1-8 OK
r-release-macos-x86_64 1.1-8 OK
r-release-windows-ix86+x86_64 1.1-8 66.00 509.00 575.00 OK
r-oldrel-macos-x86_64 1.1-8 OK
r-oldrel-windows-ix86+x86_64 1.1-8 66.00 526.00 592.00 OK

Check Details

Version: 1.1-8
Check: package dependencies
Result: ERROR
    Package required but not available: 'spdep'
    
    Packages suggested but not available for checking: 'sf', 'tmap'
    
    See section 'The DESCRIPTION file' in the 'Writing R Extensions'
    manual.
Flavor: r-devel-windows-x86_64-gcc10-UCRT