CRAN Package Check Results for Package spatialwidget

Last updated on 2021-07-25 23:00:31 CEST.

Flavor Version Tinstall Tcheck Ttotal Status Flags
r-devel-linux-x86_64-debian-clang 0.2.3 278.50 35.90 314.40 OK
r-devel-linux-x86_64-debian-gcc 0.2.3 223.19 28.53 251.72 OK
r-devel-linux-x86_64-fedora-clang 0.2.3 456.76 NOTE
r-devel-windows-x86_64 0.2.3 303.00 76.00 379.00 OK
r-devel-windows-x86_64-gcc10-UCRT 0.2.3 OK
r-patched-linux-x86_64 0.2.3 259.33 35.20 294.53 OK
r-patched-solaris-x86 0.2.3 373.40 OK
r-release-linux-x86_64 0.2.3 247.61 34.62 282.23 OK
r-release-macos-arm64 0.2.3 NOTE
r-release-macos-x86_64 0.2.3 NOTE
r-release-windows-ix86+x86_64 0.2.3 599.00 93.00 692.00 NOTE
r-oldrel-macos-x86_64 0.2.3 NOTE
r-oldrel-windows-ix86+x86_64 0.2.3 446.00 112.00 558.00 NOTE

Check Details

Version: 0.2.3
Check: installed package size
Result: NOTE
     installed size is 22.5Mb
     sub-directories of 1Mb or more:
     doc 1.2Mb
     libs 20.9Mb
Flavors: r-devel-linux-x86_64-fedora-clang, r-release-macos-arm64, r-release-macos-x86_64, r-release-windows-ix86+x86_64, r-oldrel-macos-x86_64, r-oldrel-windows-ix86+x86_64