CRAN Package Check Results for Package spatialwidget

Last updated on 2021-10-17 22:48:50 CEST.

Flavor Version Tinstall Tcheck Ttotal Status Flags
r-devel-linux-x86_64-debian-clang 0.2.3 261.09 34.52 295.61 OK
r-devel-linux-x86_64-debian-gcc 0.2.3 224.55 27.25 251.80 OK
r-devel-linux-x86_64-fedora-clang 0.2.3 463.46 NOTE
r-devel-linux-x86_64-fedora-gcc 0.2.3 473.18 OK
r-devel-windows-x86_64 0.2.3 311.00 64.00 375.00 OK
r-devel-windows-x86_64-gcc10-UCRT 0.2.3 OK
r-patched-linux-x86_64 0.2.3 250.20 33.28 283.48 OK
r-patched-solaris-x86 0.2.3 368.00 OK
r-release-linux-x86_64 0.2.3 258.92 33.09 292.01 OK
r-release-macos-arm64 0.2.3 NOTE
r-release-macos-x86_64 0.2.3 NOTE
r-release-windows-ix86+x86_64 0.2.3 462.00 92.00 554.00 NOTE
r-oldrel-macos-x86_64 0.2.3 NOTE
r-oldrel-windows-ix86+x86_64 0.2.3 613.00 98.00 711.00 NOTE

Check Details

Version: 0.2.3
Check: installed package size
Result: NOTE
     installed size is 23.3Mb
     sub-directories of 1Mb or more:
     doc 1.2Mb
     libs 21.7Mb
Flavors: r-devel-linux-x86_64-fedora-clang, r-release-macos-arm64, r-release-macos-x86_64, r-release-windows-ix86+x86_64, r-oldrel-macos-x86_64, r-oldrel-windows-ix86+x86_64