CRAN Package Check Results for Package spatsoc

Last updated on 2021-06-11 22:54:25 CEST.

Flavor Version Tinstall Tcheck Ttotal Status Flags
r-devel-linux-x86_64-debian-clang 0.1.16 3.96 126.96 130.92 NOTE
r-devel-linux-x86_64-debian-gcc 0.1.16 3.25 84.42 87.67 NOTE
r-devel-linux-x86_64-fedora-clang 0.1.16 146.30 NOTE
r-devel-linux-x86_64-fedora-gcc 0.1.16 132.53 NOTE
r-devel-windows-x86_64 0.1.16 8.00 134.00 142.00 NOTE
r-devel-windows-x86_64-gcc10-UCRT 0.1.16 NOTE
r-patched-linux-x86_64 0.1.16 4.68 107.40 112.08 NOTE
r-patched-solaris-x86 0.1.16 159.70 NOTE
r-release-linux-x86_64 0.1.16 4.15 105.86 110.01 NOTE
r-release-macos-arm64 0.1.16 NOTE
r-release-macos-x86_64 0.1.16 NOTE
r-release-windows-ix86+x86_64 0.1.16 16.00 131.00 147.00 NOTE
r-oldrel-macos-x86_64 0.1.16 OK
r-oldrel-windows-ix86+x86_64 0.1.16 12.00 147.00 159.00 OK

Check Details

Version: 0.1.16
Check: LazyData
Result: NOTE
     'LazyData' is specified without a 'data' directory
Flavors: r-devel-linux-x86_64-debian-clang, r-devel-linux-x86_64-debian-gcc, r-devel-linux-x86_64-fedora-clang, r-devel-linux-x86_64-fedora-gcc, r-devel-windows-x86_64, r-devel-windows-x86_64-gcc10-UCRT, r-patched-linux-x86_64, r-patched-solaris-x86, r-release-linux-x86_64, r-release-macos-arm64, r-release-macos-x86_64, r-release-windows-ix86+x86_64