Last updated on 2024-03-28 23:01:59 CET.
Flavor | Version | Tinstall | Tcheck | Ttotal | Status | Flags |
---|---|---|---|---|---|---|
r-devel-linux-x86_64-debian-clang | 3.0-1 | 11.42 | 106.69 | 118.11 | NOTE | |
r-devel-linux-x86_64-debian-gcc | 3.0-1 | 8.45 | 82.17 | 90.62 | NOTE | |
r-devel-linux-x86_64-fedora-clang | 3.0-1 | 150.37 | NOTE | |||
r-devel-linux-x86_64-fedora-gcc | 3.0-1 | 142.66 | NOTE | |||
r-devel-windows-x86_64 | 3.0-1 | 9.00 | 88.00 | 97.00 | NOTE | |
r-patched-linux-x86_64 | 3.0-1 | 9.76 | 103.90 | 113.66 | NOTE | |
r-release-linux-x86_64 | 3.0-1 | 6.62 | 103.46 | 110.08 | NOTE | |
r-release-macos-arm64 | 3.0-1 | 51.00 | NOTE | |||
r-release-macos-x86_64 | 3.0-1 | 87.00 | NOTE | |||
r-release-windows-x86_64 | 3.0-1 | 12.00 | 105.00 | 117.00 | NOTE | |
r-oldrel-macos-arm64 | 3.0-1 | 65.00 | NOTE | |||
r-oldrel-windows-x86_64 | 3.0-1 | 13.00 | 119.00 | 132.00 | NOTE |
Version: 3.0-1
Check: package dependencies
Result: NOTE
Depends: includes the non-default packages:
'spatstat.geom', 'spatstat.random', 'spatstat.explore',
'spatstat.model', 'spatstat.linnet', 'spatstat.data', 'spatstat',
'rpanel', 'tcltk'
Adding so many packages to the search path is excessive and importing
selectively is preferable.
Flavors: r-devel-linux-x86_64-debian-clang, r-devel-linux-x86_64-debian-gcc, r-devel-linux-x86_64-fedora-clang, r-devel-linux-x86_64-fedora-gcc, r-devel-windows-x86_64, r-patched-linux-x86_64, r-release-linux-x86_64, r-release-macos-arm64, r-release-macos-x86_64, r-release-windows-x86_64, r-oldrel-macos-arm64, r-oldrel-windows-x86_64