Last updated on 2023-12-09 21:54:32 CET.
Flavor | Version | Tinstall | Tcheck | Ttotal | Status | Flags |
---|---|---|---|---|---|---|
r-devel-linux-x86_64-debian-clang | 3.0-1 | 7.46 | 104.43 | 111.89 | NOTE | |
r-devel-linux-x86_64-debian-gcc | 3.0-1 | 8.72 | 80.93 | 89.65 | NOTE | |
r-devel-linux-x86_64-fedora-clang | 3.0-1 | 152.97 | NOTE | |||
r-devel-linux-x86_64-fedora-gcc | 3.0-1 | 152.85 | NOTE | |||
r-devel-windows-x86_64 | 3.0-1 | 10.00 | 92.00 | 102.00 | NOTE | |
r-patched-linux-x86_64 | 3.0-1 | 10.45 | 105.13 | 115.58 | NOTE | |
r-release-linux-x86_64 | 3.0-1 | 7.71 | 102.48 | 110.19 | NOTE | |
r-release-macos-arm64 | 3.0-1 | 51.00 | NOTE | |||
r-release-macos-x86_64 | 3.0-1 | 87.00 | NOTE | |||
r-release-windows-x86_64 | 3.0-1 | 12.00 | 112.00 | 124.00 | NOTE | |
r-oldrel-macos-arm64 | 3.0-1 | 65.00 | NOTE | |||
r-oldrel-macos-x86_64 | 3.0-1 | 83.00 | NOTE | |||
r-oldrel-windows-x86_64 | 3.0-1 | 12.00 | 115.00 | 127.00 | NOTE |
Version: 3.0-1
Check: package dependencies
Result: NOTE
Depends: includes the non-default packages:
'spatstat.geom', 'spatstat.random', 'spatstat.explore',
'spatstat.model', 'spatstat.linnet', 'spatstat.data', 'spatstat',
'rpanel', 'tcltk'
Adding so many packages to the search path is excessive and importing
selectively is preferable.
Flavors: r-devel-linux-x86_64-debian-clang, r-devel-linux-x86_64-debian-gcc, r-devel-linux-x86_64-fedora-clang, r-devel-linux-x86_64-fedora-gcc, r-devel-windows-x86_64, r-patched-linux-x86_64, r-release-linux-x86_64, r-release-macos-arm64, r-release-macos-x86_64, r-release-windows-x86_64, r-oldrel-macos-arm64, r-oldrel-macos-x86_64, r-oldrel-windows-x86_64