Last updated on 2024-04-19 22:56:04 CEST.
Flavor | Version | Tinstall | Tcheck | Ttotal | Status | Flags |
---|---|---|---|---|---|---|
r-devel-linux-x86_64-debian-clang | 3.0-8 | 11.17 | 194.85 | 206.02 | NOTE | |
r-devel-linux-x86_64-debian-gcc | 3.0-8 | NOTE | ||||
r-devel-linux-x86_64-fedora-clang | 3.0-8 | 258.05 | NOTE | |||
r-devel-linux-x86_64-fedora-gcc | 3.0-8 | 260.56 | NOTE | |||
r-prerel-macos-arm64 | 3.0-8 | 87.00 | NOTE | |||
r-prerel-macos-x86_64 | 3.0-8 | 225.00 | NOTE | |||
r-prerel-windows-x86_64 | 3.0-8 | 8.00 | 218.00 | 226.00 | NOTE | |
r-patched-linux-x86_64 | 3.0-8 | 7.73 | 190.10 | 197.83 | NOTE | |
r-release-linux-x86_64 | 3.0-8 | 7.11 | 188.40 | 195.51 | NOTE | |
r-release-macos-arm64 | 3.0-8 | 106.00 | NOTE | |||
r-release-macos-x86_64 | 3.0-8 | 319.00 | NOTE | |||
r-release-windows-x86_64 | 3.0-8 | 13.00 | 229.00 | 242.00 | NOTE | |
r-oldrel-macos-arm64 | 3.0-8 | 94.00 | NOTE | |||
r-oldrel-windows-x86_64 | 3.0-8 | 14.00 | 237.00 | 251.00 | NOTE |
Version: 3.0-8
Check: package dependencies
Result: NOTE
Depends: includes the non-default packages:
'spatstat.data', 'spatstat.geom', 'spatstat.random',
'spatstat.explore', 'spatstat.model', 'spatstat.linnet'
Adding so many packages to the search path is excessive and importing
selectively is preferable.
Flavors: r-devel-linux-x86_64-debian-clang, r-devel-linux-x86_64-debian-gcc, r-devel-linux-x86_64-fedora-clang, r-devel-linux-x86_64-fedora-gcc, r-prerel-macos-arm64, r-prerel-macos-x86_64, r-prerel-windows-x86_64, r-patched-linux-x86_64, r-release-linux-x86_64, r-release-macos-arm64, r-release-macos-x86_64, r-release-windows-x86_64, r-oldrel-macos-arm64, r-oldrel-windows-x86_64
Version: 3.0-8
Check: installed package size
Result: NOTE
installed size is 5.5Mb
sub-directories of 1Mb or more:
doc 4.8Mb
Flavors: r-devel-linux-x86_64-fedora-clang, r-prerel-macos-arm64, r-prerel-macos-x86_64, r-prerel-windows-x86_64, r-release-macos-arm64, r-release-macos-x86_64, r-release-windows-x86_64, r-oldrel-macos-arm64, r-oldrel-windows-x86_64