CRAN Package Check Results for Package spatstat.utils

Last updated on 2021-06-15 22:53:58 CEST.

Flavor Version Tinstall Tcheck Ttotal Status Flags
r-devel-linux-x86_64-debian-clang 2.1-0 7.52 45.71 53.23 NOTE
r-devel-linux-x86_64-debian-gcc 2.2-0 6.40 36.15 42.55 OK
r-devel-linux-x86_64-fedora-clang 2.2-0 74.92 OK
r-devel-linux-x86_64-fedora-gcc 2.2-0 64.50 OK
r-devel-windows-x86_64 2.2-0 14.00 68.00 82.00 OK
r-devel-windows-x86_64-gcc10-UCRT 2.1-0 NOTE
r-patched-linux-x86_64 2.2-0 8.19 46.88 55.07 OK
r-patched-solaris-x86 2.2-0 86.90 OK
r-release-linux-x86_64 2.1-0 6.62 45.05 51.67 NOTE
r-release-macos-arm64 2.1-0 NOTE
r-release-macos-x86_64 2.2-0 OK
r-release-windows-ix86+x86_64 2.1-0 21.00 52.00 73.00 NOTE
r-oldrel-macos-x86_64 2.2-0 OK
r-oldrel-windows-ix86+x86_64 2.2-0 20.00 61.00 81.00 OK

Check Details

Version: 2.1-0
Check: LazyData
Result: NOTE
     'LazyData' is specified without a 'data' directory
Flavors: r-devel-linux-x86_64-debian-clang, r-devel-windows-x86_64-gcc10-UCRT, r-release-linux-x86_64, r-release-macos-arm64, r-release-windows-ix86+x86_64